Last updated on 2021-03-08 19:51:08 CET.
Flavor | Version | Tinstall | Tcheck | Ttotal | Status | Flags |
---|---|---|---|---|---|---|
r-devel-linux-x86_64-debian-clang | 1.4 | 3.49 | 36.15 | 39.64 | OK | |
r-devel-linux-x86_64-debian-gcc | 1.4 | 3.11 | 27.56 | 30.67 | OK | |
r-devel-linux-x86_64-fedora-clang | 1.4 | 56.90 | NOTE | |||
r-devel-linux-x86_64-fedora-gcc | 1.4 | 46.88 | NOTE | |||
r-devel-windows-ix86+x86_64 | 1.4 | 7.00 | 53.00 | 60.00 | OK | |
r-devel-windows-x86_64-gcc10-UCRT | 1.4 | NOTE | ||||
r-patched-linux-x86_64 | 1.4 | 3.29 | 34.78 | 38.07 | OK | |
r-patched-solaris-x86 | 1.4 | 66.90 | NOTE | |||
r-release-linux-x86_64 | 1.4 | 3.40 | 34.50 | 37.90 | OK | |
r-release-macos-x86_64 | 1.4 | NOTE | ||||
r-release-windows-ix86+x86_64 | 1.4 | 6.00 | 45.00 | 51.00 | OK | |
r-oldrel-macos-x86_64 | 1.4 | NOTE | ||||
r-oldrel-windows-ix86+x86_64 | 1.4 | 6.00 | 39.00 | 45.00 | OK |
Version: 1.4
Check: Rd cross-references
Result: NOTE
Undeclared package ‘SciViews’ in Rd xrefs
Flavor: r-devel-linux-x86_64-fedora-clang
Version: 1.4
Check: data for non-ASCII characters
Result: NOTE
Note: found 5 marked Latin-1 strings
Flavors: r-devel-linux-x86_64-fedora-clang, r-devel-linux-x86_64-fedora-gcc, r-devel-windows-x86_64-gcc10-UCRT, r-patched-solaris-x86, r-release-macos-x86_64, r-oldrel-macos-x86_64