CRAN Package Check Results for Package FactoInvestigate

Last updated on 2024-07-21 15:53:33 CEST.

Flavor Version Tinstall Tcheck Ttotal Status Flags
r-devel-linux-x86_64-debian-clang 1.9 13.76 119.74 133.50 OK
r-devel-linux-x86_64-debian-gcc 1.9 10.88 87.11 97.99 NOTE
r-devel-linux-x86_64-fedora-clang 1.9 170.36 OK
r-devel-linux-x86_64-fedora-gcc 1.9 156.85 OK
r-devel-windows-x86_64 1.9 16.00 102.00 118.00 NOTE
r-patched-linux-x86_64 1.9 18.23 110.11 128.34 OK
r-release-linux-x86_64 1.9 11.69 113.01 124.70 OK
r-release-macos-arm64 1.9 48.00 OK
r-release-macos-x86_64 1.9 67.00 OK
r-release-windows-x86_64 1.9 16.00 98.00 114.00 OK
r-oldrel-macos-arm64 1.9 50.00 OK
r-oldrel-macos-x86_64 1.9 127.00 OK
r-oldrel-windows-x86_64 1.9 21.00 118.00 139.00 OK

Check Details

Version: 1.9
Check: Rd cross-references
Result: NOTE Found the following Rd file(s) with Rd \link{} targets missing package anchors: Investigate.Rd: CA classif.Rd: HCPC description.Rd: CA factoGraph.Rd: CA graphHab.Rd: CA Please provide package anchors for all Rd \link{} targets not in the package itself and the base packages. Flavors: r-devel-linux-x86_64-debian-gcc, r-devel-windows-x86_64