CRAN Package Check Results for Package FRK

Last updated on 2024-05-30 16:48:06 CEST.

Flavor Version Tinstall Tcheck Ttotal Status Flags
r-devel-linux-x86_64-debian-clang 2.2.3 178.29 560.77 739.06 WARN
r-devel-linux-x86_64-debian-gcc 2.2.3 158.46 438.60 597.06 NOTE
r-devel-linux-x86_64-fedora-clang 2.2.3 953.42 NOTE
r-devel-linux-x86_64-fedora-gcc 2.2.3 1109.74 NOTE
r-devel-windows-x86_64 2.2.3 126.00 268.00 394.00 NOTE --no-vignettes
r-patched-linux-x86_64 2.2.3 168.65 558.79 727.44 WARN
r-release-linux-x86_64 2.2.3 200.36 573.87 774.23 NOTE
r-release-macos-arm64 2.2.3 263.00 NOTE
r-release-macos-x86_64 2.2.3 336.00 NOTE
r-release-windows-x86_64 2.2.3 128.00 272.00 400.00 NOTE --no-vignettes
r-oldrel-macos-arm64 2.2.3 237.00 NOTE
r-oldrel-macos-x86_64 2.2.3 337.00 NOTE
r-oldrel-windows-x86_64 2.2.3 164.00 316.00 480.00 NOTE --no-vignettes

Check Details

Version: 2.2.3
Check: package dependencies
Result: NOTE Packages suggested but not available for checking: 'dggrids', 'INLA' Flavors: r-devel-linux-x86_64-debian-clang, r-devel-linux-x86_64-debian-gcc, r-patched-linux-x86_64, r-release-linux-x86_64, r-release-macos-arm64, r-release-macos-x86_64, r-oldrel-macos-arm64, r-oldrel-macos-x86_64

Version: 2.2.3
Check: re-building of vignette outputs
Result: WARN Error(s) in re-building vignettes: ... --- re-building ‘FRK_intro.Rnw’ using knitr ** Processing: figure/unnamed-chunk-27-1.png 600x600 pixels, 8 bits/pixel, 256 colors in palette Reducing image to 8 bits/pixel, grayscale Input IDAT size = 101098 bytes Input file size = 102100 bytes Trying: zc = 9 zm = 8 zs = 0 f = 0 IDAT size = 98796 zc = 9 zm = 8 zs = 1 f = 0 IDAT size = 97915 zc = 1 zm = 8 zs = 2 f = 0 zc = 9 zm = 8 zs = 3 f = 0 zc = 9 zm = 8 zs = 0 f = 5 zc = 9 zm = 8 zs = 1 f = 5 zc = 1 zm = 8 zs = 2 f = 5 zc = 9 zm = 8 zs = 3 f = 5 Selecting parameters: zc = 9 zm = 8 zs = 1 f = 0 IDAT size = 97915 Output IDAT size = 97915 bytes (3183 bytes decrease) Output file size = 97993 bytes (4107 bytes = 4.02% decrease) ** Processing: figure/unnamed-chunk-27-2.png 600x600 pixels, 8 bits/pixel, 256 colors in palette Reducing image to 8 bits/pixel, grayscale Input IDAT size = 60472 bytes Input file size = 61414 bytes Trying: zc = 9 zm = 8 zs = 0 f = 0 IDAT size = 56905 zc = 9 zm = 8 zs = 1 f = 0 IDAT size = 56590 zc = 1 zm = 8 zs = 2 f = 0 zc = 9 zm = 8 zs = 3 f = 0 zc = 9 zm = 8 zs = 0 f = 5 zc = 9 zm = 8 zs = 1 f = 5 zc = 1 zm = 8 zs = 2 f = 5 zc = 9 zm = 8 zs = 3 f = 5 Selecting parameters: zc = 9 zm = 8 zs = 1 f = 0 IDAT size = 56590 Output IDAT size = 56590 bytes (3882 bytes decrease) Output file size = 56668 bytes (4746 bytes = 7.73% decrease) ** Processing: figure/unnamed-chunk-31-1.png 490x245 pixels, 3x8 bits/pixel, RGB Input IDAT size = 121106 bytes Input file size = 121352 bytes Trying: zc = 9 zm = 8 zs = 0 f = 0 IDAT size = 83406 zc = 9 zm = 8 zs = 1 f = 0 zc = 1 zm = 8 zs = 2 f = 0 zc = 9 zm = 8 zs = 3 f = 0 zc = 9 zm = 8 zs = 0 f = 5 zc = 9 zm = 8 zs = 1 f = 5 zc = 1 zm = 8 zs = 2 f = 5 zc = 9 zm = 8 zs = 3 f = 5 Selecting parameters: zc = 9 zm = 8 zs = 0 f = 0 IDAT size = 83406 Output IDAT size = 83406 bytes (37700 bytes decrease) Output file size = 83484 bytes (37868 bytes = 31.21% decrease) ** Processing: figure/unnamed-chunk-32-1.png 490x245 pixels, 3x8 bits/pixel, RGB Input IDAT size = 87588 bytes Input file size = 87786 bytes Trying: zc = 9 zm = 8 zs = 0 f = 0 IDAT size = 65940 zc = 9 zm = 8 zs = 1 f = 0 zc = 1 zm = 8 zs = 2 f = 0 zc = 9 zm = 8 zs = 3 f = 0 zc = 9 zm = 8 zs = 0 f = 5 zc = 9 zm = 8 zs = 1 f = 5 zc = 1 zm = 8 zs = 2 f = 5 zc = 9 zm = 8 zs = 3 f = 5 Selecting parameters: zc = 9 zm = 8 zs = 0 f = 0 IDAT size = 65940 Output IDAT size = 65940 bytes (21648 bytes decrease) Output file size = 66018 bytes (21768 bytes = 24.80% decrease) ** Processing: figure/unnamed-chunk-33-1.png 490x245 pixels, 3x8 bits/pixel, RGB Input IDAT size = 89322 bytes Input file size = 89520 bytes Trying: zc = 9 zm = 8 zs = 0 f = 0 IDAT size = 65554 zc = 9 zm = 8 zs = 1 f = 0 zc = 1 zm = 8 zs = 2 f = 0 zc = 9 zm = 8 zs = 3 f = 0 zc = 9 zm = 8 zs = 0 f = 5 zc = 9 zm = 8 zs = 1 f = 5 zc = 1 zm = 8 zs = 2 f = 5 zc = 9 zm = 8 zs = 3 f = 5 Selecting parameters: zc = 9 zm = 8 zs = 0 f = 0 IDAT size = 65554 Output IDAT size = 65554 bytes (23768 bytes decrease) Output file size = 65632 bytes (23888 bytes = 26.68% decrease) ** Processing: figure/unnamed-chunk-60-1.png 1120x210 pixels, 3x8 bits/pixel, RGB Input IDAT size = 187662 bytes Input file size = 188004 bytes Trying: zc = 9 zm = 8 zs = 0 f = 0 IDAT size = 136081 zc = 9 zm = 8 zs = 1 f = 0 zc = 1 zm = 8 zs = 2 f = 0 zc = 9 zm = 8 zs = 3 f = 0 zc = 9 zm = 8 zs = 0 f = 5 zc = 9 zm = 8 zs = 1 f = 5 zc = 1 zm = 8 zs = 2 f = 5 zc = 9 zm = 8 zs = 3 f = 5 Selecting parameters: zc = 9 zm = 8 zs = 0 f = 0 IDAT size = 136081 Output IDAT size = 136081 bytes (51581 bytes decrease) Output file size = 136159 bytes (51845 bytes = 27.58% decrease) ** Processing: figure/unnamed-chunk-61-1.png 1120x210 pixels, 3x8 bits/pixel, RGB Input IDAT size = 130966 bytes Input file size = 131224 bytes Trying: zc = 9 zm = 8 zs = 0 f = 0 IDAT size = 110474 zc = 9 zm = 8 zs = 1 f = 0 zc = 1 zm = 8 zs = 2 f = 0 zc = 9 zm = 8 zs = 3 f = 0 zc = 9 zm = 8 zs = 0 f = 5 zc = 9 zm = 8 zs = 1 f = 5 zc = 1 zm = 8 zs = 2 f = 5 zc = 9 zm = 8 zs = 3 f = 5 Selecting parameters: zc = 9 zm = 8 zs = 0 f = 0 IDAT size = 110474 Output IDAT size = 110474 bytes (20492 bytes decrease) Output file size = 110552 bytes (20672 bytes = 15.75% decrease) ** Processing: figure/unnamed-chunk-62-1.png 1120x210 pixels, 3x8 bits/pixel, RGB Input IDAT size = 122766 bytes Input file size = 123012 bytes Trying: zc = 9 zm = 8 zs = 0 f = 0 IDAT size = 110723 zc = 9 zm = 8 zs = 1 f = 0 zc = 1 zm = 8 zs = 2 f = 0 zc = 9 zm = 8 zs = 3 f = 0 zc = 9 zm = 8 zs = 0 f = 5 zc = 9 zm = 8 zs = 1 f = 5 zc = 1 zm = 8 zs = 2 f = 5 zc = 9 zm = 8 zs = 3 f = 5 Selecting parameters: zc = 9 zm = 8 zs = 0 f = 0 IDAT size = 110723 Output IDAT size = 110723 bytes (12043 bytes decrease) Output file size = 110801 bytes (12211 bytes = 9.93% decrease) Error: processing vignette 'FRK_intro.Rnw' failed with diagnostics: Running 'texi2dvi' on 'FRK_intro.tex' failed. LaTeX errors: ! Undefined control sequence. l.315 \hlkwd{library}\hldef {(sp)} \hlcom{# for defining points/polygons} ? ! Emergency stop. l.315 End of file on the terminal! ! ==> Fatal error occurred, no output PDF file produced! --- failed re-building ‘FRK_intro.Rnw’ --- re-building ‘FRK_non-Gaussian.Rnw’ using knitr Error: processing vignette 'FRK_non-Gaussian.Rnw' failed with diagnostics: Running 'texi2dvi' on 'FRK_non-Gaussian.tex' failed. LaTeX errors: ! Undefined control sequence. l.387 \hlkwd{library}\hldef {(}\hlsng{"FRK"}\hldef{)} \hlcom{# for carr... ? ! Emergency stop. l.387 End of file on the terminal! ! ==> Fatal error occurred, no output PDF file produced! --- failed re-building ‘FRK_non-Gaussian.Rnw’ SUMMARY: processing the following files failed: ‘FRK_intro.Rnw’ ‘FRK_non-Gaussian.Rnw’ Error: Vignette re-building failed. Execution halted Flavors: r-devel-linux-x86_64-debian-clang, r-patched-linux-x86_64

Version: 2.2.3
Check: package dependencies
Result: NOTE Package suggested but not available for checking: ‘dggrids’ Flavors: r-devel-linux-x86_64-fedora-clang, r-devel-linux-x86_64-fedora-gcc

Version: 2.2.3
Check: installed package size
Result: NOTE installed size is 9.5Mb sub-directories of 1Mb or more: data 4.8Mb doc 1.9Mb libs 1.7Mb Flavors: r-devel-linux-x86_64-fedora-clang, r-release-macos-arm64, r-release-macos-x86_64, r-oldrel-macos-arm64, r-oldrel-macos-x86_64

Version: 2.2.3
Flags: --no-vignettes
Check: package dependencies
Result: NOTE Package suggested but not available for checking: 'dggrids' Flavors: r-devel-windows-x86_64, r-release-windows-x86_64

Version: 2.2.3
Flags: --no-vignettes
Check: installed package size
Result: NOTE installed size is 20.6Mb sub-directories of 1Mb or more: data 4.8Mb doc 1.8Mb libs 12.8Mb Flavors: r-devel-windows-x86_64, r-release-windows-x86_64, r-oldrel-windows-x86_64

Version: 2.2.3
Flags: --no-vignettes
Check: package dependencies
Result: NOTE Packages suggested but not available for checking: 'dggrids', 'INLA' Flavor: r-oldrel-windows-x86_64