Last updated on 2023-03-30 03:52:33 CEST.
Flavor | Version | Tinstall | Tcheck | Ttotal | Status | Flags |
---|---|---|---|---|---|---|
r-devel-linux-x86_64-debian-clang | 1.2.0 | 65.71 | 494.02 | 559.73 | OK | |
r-devel-linux-x86_64-debian-gcc | 1.2.0 | 50.29 | 363.93 | 414.22 | OK | |
r-devel-linux-x86_64-fedora-clang | 1.2.0 | 704.20 | NOTE | |||
r-devel-linux-x86_64-fedora-gcc | 1.2.0 | 723.58 | OK | |||
r-devel-windows-x86_64 | 1.2.0 | 78.00 | 552.00 | 630.00 | NOTE | |
r-patched-linux-x86_64 | 1.2.0 | 59.37 | 467.19 | 526.56 | OK | |
r-release-linux-x86_64 | 1.2.0 | 38.35 | 474.30 | 512.65 | OK | |
r-release-macos-arm64 | 1.2.0 | 176.00 | NOTE | |||
r-release-macos-x86_64 | 1.2.0 | 241.00 | NOTE | |||
r-release-windows-x86_64 | 1.2.0 | 56.00 | 536.00 | 592.00 | NOTE | |
r-oldrel-macos-arm64 | 1.2.0 | 170.00 | NOTE | |||
r-oldrel-macos-x86_64 | 1.2.0 | 243.00 | NOTE | |||
r-oldrel-windows-ix86+x86_64 | 1.2.0 | 136.00 | 596.00 | 732.00 | NOTE |
Version: 1.2.0
Check: installed package size
Result: NOTE
installed size is 5.3Mb
sub-directories of 1Mb or more:
data 2.7Mb
doc 1.6Mb
Flavors: r-devel-linux-x86_64-fedora-clang, r-devel-windows-x86_64, r-release-macos-arm64, r-release-macos-x86_64, r-release-windows-x86_64, r-oldrel-macos-arm64, r-oldrel-macos-x86_64, r-oldrel-windows-ix86+x86_64