CRAN Package Check Results for Package FMStable

Last updated on 2024-06-19 00:49:28 CEST.

Flavor Version Tinstall Tcheck Ttotal Status Flags
r-devel-linux-x86_64-debian-clang 0.1-4 4.61 29.75 34.36 NOTE
r-devel-linux-x86_64-debian-gcc 0.1-4 3.81 22.96 26.77 NOTE
r-devel-linux-x86_64-fedora-clang 0.1-4 43.38 NOTE
r-devel-linux-x86_64-fedora-gcc 0.1-4 43.32 NOTE
r-devel-windows-x86_64 0.1-4 6.00 42.00 48.00 NOTE
r-patched-linux-x86_64 0.1-4 4.23 29.68 33.91 NOTE
r-release-linux-x86_64 0.1-4 4.70 28.53 33.23 NOTE
r-release-macos-arm64 0.1-4 17.00 NOTE
r-release-macos-x86_64 0.1-4 36.00 NOTE
r-release-windows-x86_64 0.1-4 7.00 43.00 50.00 NOTE
r-oldrel-macos-arm64 0.1-4 17.00 OK
r-oldrel-macos-x86_64 0.1-4 25.00 OK
r-oldrel-windows-x86_64 0.1-4 12.00 45.00 57.00 OK

Check Details

Version: 0.1-4
Check: Rd files
Result: NOTE checkRd: (-1) Estable.Rd:40: Lost braces 40 | \code{dEstable}{ gives the density function;} | ^ checkRd: (-1) Estable.Rd:41: Lost braces 41 | \code{pEstable}{ gives the distribution function or its complement;} | ^ checkRd: (-1) Estable.Rd:42: Lost braces 42 | \code{qEstable}{ gives quantiles;} | ^ checkRd: (-1) Estable.Rd:43-56: Lost braces 43 | \code{tailsEstable}{ returns a list with the following components | ^ checkRd: (-1) FMstable.Rd:50: Lost braces 50 | \code{dFMstable}{ gives the density function;} | ^ checkRd: (-1) FMstable.Rd:51: Lost braces 51 | \code{pFMstable}{ gives the distribution function or its complement;} | ^ checkRd: (-1) FMstable.Rd:52: Lost braces 52 | \code{qFMstable}{ gives quantiles;} | ^ checkRd: (-1) FMstable.Rd:53-66: Lost braces 53 | \code{tailsFMstable}{ returns a list with the following components | ^ Flavors: r-devel-linux-x86_64-debian-clang, r-devel-linux-x86_64-debian-gcc, r-devel-linux-x86_64-fedora-clang, r-devel-linux-x86_64-fedora-gcc, r-devel-windows-x86_64, r-patched-linux-x86_64, r-release-linux-x86_64, r-release-macos-arm64, r-release-macos-x86_64, r-release-windows-x86_64