CRAN Package Check Results for Package FDRestimation

Last updated on 2021-09-21 15:50:51 CEST.

Flavor Version Tinstall Tcheck Ttotal Status Flags
r-devel-linux-x86_64-debian-clang 1.0.0 2.17 27.93 30.10 OK
r-devel-linux-x86_64-debian-gcc 1.0.0 1.98 21.87 23.85 OK
r-devel-linux-x86_64-fedora-clang 1.0.0 46.56 OK
r-devel-linux-x86_64-fedora-gcc 1.0.0 35.51 OK
r-devel-windows-x86_64 1.0.0 3.00 33.00 36.00 OK
r-devel-windows-x86_64-gcc10-UCRT 1.0.0 ERROR
r-patched-linux-x86_64 1.0.0 3.10 26.67 29.77 OK
r-patched-solaris-x86 1.0.0 55.20 OK
r-release-linux-x86_64 1.0.0 2.90 26.75 29.65 OK
r-release-macos-arm64 1.0.0 OK
r-release-macos-x86_64 1.0.0 OK
r-release-windows-ix86+x86_64 1.0.0 6.00 42.00 48.00 OK
r-oldrel-macos-x86_64 1.0.0 OK
r-oldrel-windows-ix86+x86_64 1.0.0 7.00 32.00 39.00 OK

Check Details

Version: 1.0.0
Check: whether package can be installed
Result: WARN
    Found the following significant warnings:
     WARNING: installation-time patches will not be applied, could not get the patches index
Flavor: r-devel-windows-x86_64-gcc10-UCRT

Version: 1.0.0
Check: PDF version of manual
Result: WARN
    LaTeX errors when creating PDF version.
    This typically indicates Rd problems.
Flavor: r-devel-windows-x86_64-gcc10-UCRT

Version: 1.0.0
Check: PDF version of manual without hyperrefs or index
Result: ERROR
    Re-running with no redirection of stdout/stderr.
Flavor: r-devel-windows-x86_64-gcc10-UCRT