CRAN Package Check Results for Package FCSlib

Last updated on 2021-06-17 15:49:05 CEST.

Flavor Version Tinstall Tcheck Ttotal Status Flags
r-devel-linux-x86_64-debian-clang 1.3.0 10.76 76.28 87.04 OK
r-devel-linux-x86_64-debian-gcc 1.3.0 8.48 55.60 64.08 OK
r-devel-linux-x86_64-fedora-clang 1.3.0 109.14 OK
r-devel-linux-x86_64-fedora-gcc 1.3.0 97.43 OK
r-devel-windows-x86_64 1.3.0 17.00 71.00 88.00 OK
r-devel-windows-x86_64-gcc10-UCRT 1.3.0 OK
r-patched-linux-x86_64 1.3.0 15.39 70.53 85.92 OK
r-patched-solaris-x86 1.3.0 144.70 NOTE
r-release-linux-x86_64 1.3.0 7.84 71.40 79.24 OK
r-release-macos-arm64 1.3.0 NOTE
r-release-macos-x86_64 1.3.0 OK
r-release-windows-ix86+x86_64 1.3.0 23.00 97.00 120.00 OK
r-oldrel-macos-x86_64 1.3.0 OK
r-oldrel-windows-ix86+x86_64 1.3.0 17.00 95.00 112.00 OK

Check Details

Version: 1.3.0
Check: installed package size
Result: NOTE
     installed size is 5.1Mb
     sub-directories of 1Mb or more:
     data 4.9Mb
Flavors: r-patched-solaris-x86, r-release-macos-arm64