CRAN Package Check Results for Package FAMT

Last updated on 2021-09-21 15:50:50 CEST.

Flavor Version Tinstall Tcheck Ttotal Status Flags
r-devel-linux-x86_64-debian-clang 2.5 3.84 49.20 53.04 NOTE
r-devel-linux-x86_64-debian-gcc 2.5 3.01 35.86 38.87 NOTE
r-devel-linux-x86_64-fedora-clang 2.5 68.42 NOTE
r-devel-linux-x86_64-fedora-gcc 2.5 58.06 NOTE
r-devel-windows-x86_64 2.5 4.00 51.00 55.00 NOTE
r-devel-windows-x86_64-gcc10-UCRT 2.5 ERROR
r-patched-linux-x86_64 2.5 6.14 46.01 52.15 NOTE
r-patched-solaris-x86 2.5 96.40 NOTE
r-release-linux-x86_64 2.5 3.85 45.26 49.11 NOTE
r-release-macos-arm64 2.5 NOTE
r-release-macos-x86_64 2.5 NOTE
r-release-windows-ix86+x86_64 2.5 7.00 66.00 73.00 NOTE
r-oldrel-macos-x86_64 2.5 NOTE
r-oldrel-windows-ix86+x86_64 2.5 6.00 65.00 71.00 NOTE

Check Details

Version: 2.5
Check: dependencies in R code
Result: NOTE
    Packages in Depends field not imported from:
     'impute' 'mnormt'
     These packages need to be imported from (in the NAMESPACE file)
     for when this namespace is loaded but not attached.
Flavors: r-devel-linux-x86_64-debian-clang, r-devel-linux-x86_64-debian-gcc, r-devel-linux-x86_64-fedora-clang, r-devel-linux-x86_64-fedora-gcc, r-devel-windows-x86_64, r-devel-windows-x86_64-gcc10-UCRT, r-patched-linux-x86_64, r-patched-solaris-x86, r-release-linux-x86_64, r-release-macos-arm64, r-release-macos-x86_64, r-release-windows-ix86+x86_64, r-oldrel-macos-x86_64, r-oldrel-windows-ix86+x86_64

Version: 2.5
Check: R code for possible problems
Result: NOTE
    as.FAMTdata: no visible global function definition for 'impute.knn'
    defacto: no visible global function definition for 'palette'
    defacto: no visible global function definition for 'quantile'
    defacto: no visible global function definition for 'lines'
    defacto: no visible global function definition for 'abline'
    defacto: no visible global function definition for 'points'
    defacto: no visible global function definition for 'text'
    defacto: no visible global function definition for 'dev.new'
    defacto: no visible global function definition for 'legend'
    defacto: no visible global function definition for 'lm'
    defacto: no visible global function definition for 'anova'
    emfa: no visible global function definition for 'varimax'
    modelFAMT: no visible binding for global variable 'sd'
    nbfactors : bivprob : <anonymous>: no visible global function
     definition for 'biv.nt.prob'
    nbfactors : Dt: no visible global function definition for 'qnorm'
    nbfactors: no visible global function definition for 'dev.new'
    pi0FAMT: no visible global function definition for 'smooth.spline'
    pi0FAMT: no visible global function definition for 'predict'
    pi0FAMT: no visible global function definition for 'lines'
    pi0FAMT: no visible global function definition for 'abline'
    pi0FAMT: no visible global function definition for 'axis'
    pi0FAMT: no visible global function definition for 'points'
    pi0FAMT: no visible global function definition for 'dev.new'
    pi0FAMT: no visible global function definition for 'hist'
    pi0FAMT: no visible global function definition for 'dunif'
    pi0FAMT: no visible global function definition for 'text'
    pi0FAMT: no visible global function definition for 'legend'
    raw.pvalues: no visible binding for global variable 'sd'
    raw.pvalues: no visible global function definition for 'pf'
    raw.pvalues: no visible global function definition for 'model.matrix'
    residualsFAMT: no visible global function definition for 'model.matrix'
    Undefined global functions or variables:
     abline anova axis biv.nt.prob dev.new dunif hist impute.knn legend
     lines lm model.matrix palette pf points predict qnorm quantile sd
     smooth.spline text varimax
    Consider adding
     importFrom("grDevices", "dev.new", "palette")
     importFrom("graphics", "abline", "axis", "hist", "legend", "lines",
     "points", "text")
     importFrom("stats", "anova", "dunif", "lm", "model.matrix", "pf",
     "predict", "qnorm", "quantile", "sd", "smooth.spline",
     "varimax")
    to your NAMESPACE file.
Flavors: r-devel-linux-x86_64-debian-clang, r-devel-linux-x86_64-debian-gcc, r-devel-linux-x86_64-fedora-clang, r-devel-linux-x86_64-fedora-gcc, r-devel-windows-x86_64, r-devel-windows-x86_64-gcc10-UCRT, r-patched-linux-x86_64, r-patched-solaris-x86, r-release-linux-x86_64, r-release-macos-arm64, r-release-macos-x86_64, r-release-windows-ix86+x86_64, r-oldrel-macos-x86_64, r-oldrel-windows-ix86+x86_64

Version: 2.5
Check: whether package can be installed
Result: WARN
    Found the following significant warnings:
     WARNING: installation-time patches will not be applied, could not get the patches index
Flavor: r-devel-windows-x86_64-gcc10-UCRT

Version: 2.5
Check: PDF version of manual
Result: WARN
    LaTeX errors when creating PDF version.
    This typically indicates Rd problems.
Flavor: r-devel-windows-x86_64-gcc10-UCRT

Version: 2.5
Check: PDF version of manual without hyperrefs or index
Result: ERROR
    Re-running with no redirection of stdout/stderr.
Flavor: r-devel-windows-x86_64-gcc10-UCRT