CRAN Package Check Results for Package EzGP

Last updated on 2024-04-15 09:39:09 CEST.

Flavor Version Tinstall Tcheck Ttotal Status Flags
r-devel-linux-x86_64-debian-clang 0.1.0 5.66 76.04 81.70 NOTE
r-devel-linux-x86_64-debian-gcc 0.1.0 4.21 50.26 54.47 NOTE
r-devel-linux-x86_64-fedora-clang 0.1.0 95.52 NOTE
r-devel-linux-x86_64-fedora-gcc 0.1.0 91.39 NOTE
r-devel-windows-x86_64 0.1.0 5.00 65.00 70.00 NOTE
r-patched-linux-x86_64 0.1.0 3.22 68.78 72.00 NOTE
r-release-linux-x86_64 0.1.0 2.97 66.59 69.56 OK
r-release-macos-arm64 0.1.0 26.00 OK
r-release-macos-x86_64 0.1.0 49.00 OK
r-release-windows-x86_64 0.1.0 6.00 74.00 80.00 OK
r-oldrel-macos-arm64 0.1.0 29.00 OK
r-oldrel-windows-x86_64 0.1.0 6.00 73.00 79.00 OK

Check Details

Version: 0.1.0
Check: Rd files
Result: NOTE checkRd: (-1) EEzGP_fit.Rd:50: Lost braces in \itemize; \value handles \item{}{} directly checkRd: (-1) EEzGP_fit.Rd:51: Lost braces in \itemize; \value handles \item{}{} directly checkRd: (-1) EEzGP_predict.Rd:19: Lost braces in \itemize; \value handles \item{}{} directly checkRd: (-1) EEzGP_predict.Rd:20: Lost braces in \itemize; \value handles \item{}{} directly checkRd: (-1) EzGP_fit.Rd:50: Lost braces in \itemize; \value handles \item{}{} directly checkRd: (-1) EzGP_fit.Rd:51: Lost braces in \itemize; \value handles \item{}{} directly checkRd: (-1) EzGP_predict.Rd:19: Lost braces in \itemize; \value handles \item{}{} directly checkRd: (-1) EzGP_predict.Rd:20: Lost braces in \itemize; \value handles \item{}{} directly checkRd: (-1) LEzGP_fit.Rd:59: Lost braces in \itemize; \value handles \item{}{} directly checkRd: (-1) LEzGP_fit.Rd:60: Lost braces in \itemize; \value handles \item{}{} directly checkRd: (-1) LLF_gradients.Rd:29: Lost braces in \itemize; \value handles \item{}{} directly checkRd: (-1) LLF_gradients.Rd:30: Lost braces in \itemize; \value handles \item{}{} directly Flavors: r-devel-linux-x86_64-debian-clang, r-devel-linux-x86_64-debian-gcc, r-devel-linux-x86_64-fedora-clang, r-devel-linux-x86_64-fedora-gcc, r-devel-windows-x86_64, r-patched-linux-x86_64