CRAN Package Check Results for Package ExtDist

Last updated on 2021-06-18 19:50:47 CEST.

Flavor Version Tinstall Tcheck Ttotal Status Flags
r-devel-linux-x86_64-debian-clang 0.6-4 5.54 68.10 73.64 OK
r-devel-linux-x86_64-debian-gcc 0.6-4 4.96 52.81 57.77 OK
r-devel-linux-x86_64-fedora-clang 0.6-4 95.43 OK
r-devel-linux-x86_64-fedora-gcc 0.6-4 86.58 OK
r-devel-windows-x86_64 0.6-4 9.00 107.00 116.00 OK
r-devel-windows-x86_64-gcc10-UCRT 0.6-4 OK
r-patched-linux-x86_64 0.6-4 7.38 67.71 75.09 OK
r-patched-solaris-x86 0.6-4 109.10 OK
r-release-linux-x86_64 0.6-4 5.01 69.37 74.38 OK
r-release-macos-arm64 0.6-4 NOTE
r-release-macos-x86_64 0.6-4 ERROR
r-release-windows-ix86+x86_64 0.6-4 10.00 99.00 109.00 OK
r-oldrel-macos-x86_64 0.6-4 OK
r-oldrel-windows-ix86+x86_64 0.6-4 9.00 71.00 80.00 OK

Check Details

Version: 0.6-4
Check: package dependencies
Result: NOTE
    Package suggested but not available for checking: ‘PerformanceAnalytics’
Flavor: r-release-macos-arm64

Version: 0.6-4
Check: examples
Result: ERROR
    Running examples in ‘ExtDist-Ex.R’ failed
    The error most likely occurred in:
    
    > ### Name: Beta
    > ### Title: The Standard Beta Distribution.
    > ### Aliases: Beta dBeta eBeta iBeta lBeta pBeta qBeta rBeta sBeta
    >
    > ### ** Examples
    >
    > # Parameter estimation for a distribution with known shape parameters
    > x <- rBeta(n=500, params=list(shape1=2, shape2=2))
    > est.par <- eBeta(x); est.par
    
    Parameters for the Beta distribution.
    (found using the MOM method.)
    
     Parameter Type Estimate
     shape1 shape 2.072842
     shape2 shape 2.014862
    
    
    > plot(est.par)
    Error in loadNamespace(x) :
     there is no package called ‘PerformanceAnalytics’
    Calls: plot ... loadNamespace -> withRestarts -> withOneRestart -> doWithOneRestart
    Execution halted
Flavor: r-release-macos-x86_64