CRAN Package Check Results for Package EvaluateCore

Last updated on 2021-02-26 11:50:51 CET.

Flavor Version Tinstall Tcheck Ttotal Status Flags
r-devel-linux-x86_64-debian-clang 0.1.1 12.29 132.19 144.48 OK
r-devel-linux-x86_64-debian-gcc 0.1.1 11.62 97.96 109.58 OK
r-devel-linux-x86_64-fedora-clang 0.1.1 190.34 OK
r-devel-linux-x86_64-fedora-gcc 0.1.1 174.00 OK
r-devel-windows-ix86+x86_64 0.1.1 26.00 117.00 143.00 OK
r-patched-linux-x86_64 0.1.1 13.10 120.64 133.74 OK
r-patched-solaris-x86 0.1.1 256.50 NOTE
r-release-linux-x86_64 0.1.1 13.09 122.58 135.67 OK
r-release-macos-x86_64 0.1.1 OK
r-release-windows-ix86+x86_64 0.1.1 37.00 170.00 207.00 OK
r-oldrel-macos-x86_64 0.1.1 OK
r-oldrel-windows-ix86+x86_64 0.1.1 19.00 132.00 151.00 OK

Check Details

Version: 0.1.1
Check: package dependencies
Result: NOTE
    Package suggested but not available for checking: ‘corehunter’
Flavor: r-patched-solaris-x86