CRAN Package Check Results for Package EstSimPDMP

Last updated on 2021-09-21 15:50:50 CEST.

Flavor Version Tinstall Tcheck Ttotal Status Flags
r-devel-linux-x86_64-debian-clang 1.2 2.36 28.49 30.85 NOTE
r-devel-linux-x86_64-debian-gcc 1.2 1.88 21.37 23.25 NOTE
r-devel-linux-x86_64-fedora-clang 1.2 47.79 NOTE
r-devel-linux-x86_64-fedora-gcc 1.2 35.48 NOTE
r-devel-windows-x86_64 1.2 3.00 29.00 32.00 NOTE
r-devel-windows-x86_64-gcc10-UCRT 1.2 ERROR
r-patched-linux-x86_64 1.2 2.44 27.52 29.96 NOTE
r-patched-solaris-x86 1.2 55.80 NOTE
r-release-linux-x86_64 1.2 2.12 27.43 29.55 NOTE
r-release-macos-arm64 1.2 NOTE
r-release-macos-x86_64 1.2 NOTE
r-release-windows-ix86+x86_64 1.2 5.00 42.00 47.00 NOTE
r-oldrel-macos-x86_64 1.2 NOTE
r-oldrel-windows-ix86+x86_64 1.2 4.00 39.00 43.00 NOTE

Check Details

Version: 1.2
Check: R code for possible problems
Result: NOTE
    .Transition: no visible global function definition for 'rnorm'
    .Transition.DC: no visible global function definition for 'runif'
    Simu.Cond.HR: no visible global function definition for 'rpois'
    Simu.Cond.HR: no visible global function definition for 'runif'
    Simu.Cond.HR: no visible global function definition for 'hist'
    Simu.Cond.HR: no visible global function definition for 'var'
    Simu.HR: no visible global function definition for 'rpois'
    Simu.HR: no visible global function definition for 'runif'
    Simu.HR: no visible global function definition for 'hist'
    Simu.HR: no visible global function definition for 'var'
    Undefined global functions or variables:
     hist rnorm rpois runif var
    Consider adding
     importFrom("graphics", "hist")
     importFrom("stats", "rnorm", "rpois", "runif", "var")
    to your NAMESPACE file.
Flavors: r-devel-linux-x86_64-debian-clang, r-devel-linux-x86_64-debian-gcc, r-devel-linux-x86_64-fedora-clang, r-devel-linux-x86_64-fedora-gcc, r-devel-windows-x86_64, r-devel-windows-x86_64-gcc10-UCRT, r-patched-linux-x86_64, r-patched-solaris-x86, r-release-linux-x86_64, r-release-macos-arm64, r-release-macos-x86_64, r-release-windows-ix86+x86_64, r-oldrel-macos-x86_64, r-oldrel-windows-ix86+x86_64

Version: 1.2
Check: whether package can be installed
Result: WARN
    Found the following significant warnings:
     WARNING: installation-time patches will not be applied, could not get the patches index
Flavor: r-devel-windows-x86_64-gcc10-UCRT

Version: 1.2
Check: PDF version of manual
Result: WARN
    LaTeX errors when creating PDF version.
    This typically indicates Rd problems.
Flavor: r-devel-windows-x86_64-gcc10-UCRT

Version: 1.2
Check: PDF version of manual without hyperrefs or index
Result: ERROR
    Re-running with no redirection of stdout/stderr.
Flavor: r-devel-windows-x86_64-gcc10-UCRT