CRAN Package Check Results for Package EquiSurv

Last updated on 2024-06-19 00:49:27 CEST.

Flavor Version Tinstall Tcheck Ttotal Status Flags
r-devel-linux-x86_64-debian-clang 0.1.0 7.86 110.37 118.23 NOTE
r-devel-linux-x86_64-debian-gcc 0.1.0 5.60 77.59 83.19 NOTE
r-devel-linux-x86_64-fedora-clang 0.1.0 135.83 NOTE
r-devel-linux-x86_64-fedora-gcc 0.1.0 132.73 NOTE
r-devel-windows-x86_64 0.1.0 8.00 85.00 93.00 NOTE
r-patched-linux-x86_64 0.1.0 8.24 104.67 112.91 NOTE
r-release-linux-x86_64 0.1.0 6.56 100.92 107.48 NOTE
r-release-macos-arm64 0.1.0 37.00 NOTE
r-release-macos-x86_64 0.1.0 64.00 NOTE
r-release-windows-x86_64 0.1.0 7.00 87.00 94.00 NOTE
r-oldrel-macos-arm64 0.1.0 43.00 NOTE
r-oldrel-macos-x86_64 0.1.0 73.00 NOTE
r-oldrel-windows-x86_64 0.1.0 9.00 113.00 122.00 NOTE

Check Details

Version: 0.1.0
Check: LazyData
Result: NOTE 'LazyData' is specified without a 'data' directory Flavors: r-devel-linux-x86_64-debian-clang, r-devel-linux-x86_64-debian-gcc, r-devel-linux-x86_64-fedora-clang, r-devel-linux-x86_64-fedora-gcc, r-devel-windows-x86_64, r-patched-linux-x86_64, r-release-linux-x86_64, r-release-macos-arm64, r-release-macos-x86_64, r-release-windows-x86_64, r-oldrel-macos-arm64, r-oldrel-macos-x86_64, r-oldrel-windows-x86_64