CRAN Package Check Results for Package EpistemicGameTheory

Last updated on 2021-06-12 23:49:06 CEST.

Flavor Version Tinstall Tcheck Ttotal Status Flags
r-devel-linux-x86_64-debian-clang 0.1.2 3.70 26.02 29.72 NOTE
r-devel-linux-x86_64-debian-gcc 0.1.2 2.51 20.09 22.60 NOTE
r-devel-linux-x86_64-fedora-clang 0.1.2 45.87 NOTE
r-devel-linux-x86_64-fedora-gcc 0.1.2 35.24 NOTE
r-devel-windows-x86_64 0.1.2 5.00 128.00 133.00 NOTE
r-devel-windows-x86_64-gcc10-UCRT 0.1.2 NOTE
r-patched-linux-x86_64 0.1.2 3.18 25.52 28.70 NOTE
r-patched-solaris-x86 0.1.2 49.20 NOTE
r-release-linux-x86_64 0.1.2 2.78 25.43 28.21 NOTE
r-release-macos-arm64 0.1.2 NOTE
r-release-macos-x86_64 0.1.2 NOTE
r-release-windows-ix86+x86_64 0.1.2 5.00 41.00 46.00 NOTE
r-oldrel-macos-x86_64 0.1.2 OK
r-oldrel-windows-ix86+x86_64 0.1.2 6.00 62.00 68.00 OK

Check Details

Version: 0.1.2
Check: LazyData
Result: NOTE
     'LazyData' is specified without a 'data' directory
Flavors: r-devel-linux-x86_64-debian-clang, r-devel-linux-x86_64-debian-gcc, r-devel-linux-x86_64-fedora-clang, r-devel-linux-x86_64-fedora-gcc, r-devel-windows-x86_64, r-devel-windows-x86_64-gcc10-UCRT, r-patched-linux-x86_64, r-patched-solaris-x86, r-release-linux-x86_64, r-release-macos-arm64, r-release-macos-x86_64, r-release-windows-ix86+x86_64