CRAN Package Check Results for Package Epi

Last updated on 2021-05-09 11:48:32 CEST.

Flavor Version Tinstall Tcheck Ttotal Status Flags
r-devel-linux-x86_64-debian-clang 2.44 24.35 614.12 638.47 OK
r-devel-linux-x86_64-debian-gcc 2.44 17.14 453.40 470.54 OK
r-devel-linux-x86_64-fedora-clang 2.44 768.01 NOTE
r-devel-linux-x86_64-fedora-gcc 2.44 759.58 OK
r-devel-windows-ix86+x86_64 2.44 42.00 12.00 54.00 ERROR --no-vignettes
r-devel-windows-x86_64-gcc10-UCRT 2.44 OK
r-patched-linux-x86_64 2.44 23.50 596.94 620.44 OK
r-patched-solaris-x86 2.44 1342.30 OK
r-release-linux-x86_64 2.44 24.40 600.93 625.33 OK
r-release-macos-x86_64 2.44 OK
r-release-windows-ix86+x86_64 2.44 34.00 262.00 296.00 OK --no-vignettes
r-oldrel-macos-x86_64 2.44 OK
r-oldrel-windows-ix86+x86_64 2.44 46.00 339.00 385.00 OK --no-vignettes

Check Details

Version: 2.44
Check: Rd cross-references
Result: NOTE
    Undeclared packages ‘ilc’, ‘demography’ in Rd xrefs
Flavor: r-devel-linux-x86_64-fedora-clang

Version: 2.44
Flags: --no-vignettes
Check: whether package can be installed
Result: ERROR
    Installation failed.
Flavor: r-devel-windows-ix86+x86_64