CRAN Package Check Results for Package EnvStats

Last updated on 2021-06-19 11:51:46 CEST.

Flavor Version Tinstall Tcheck Ttotal Status Flags
r-devel-linux-x86_64-debian-clang 2.4.0 66.19 460.53 526.72 OK
r-devel-linux-x86_64-debian-gcc 2.4.0 56.08 328.00 384.08 OK
r-devel-linux-x86_64-fedora-clang 2.4.0 634.27 NOTE
r-devel-linux-x86_64-fedora-gcc 2.4.0 638.79 OK
r-devel-windows-x86_64 2.4.0 106.00 513.00 619.00 NOTE
r-devel-windows-x86_64-gcc10-UCRT 2.4.0 OK
r-patched-linux-x86_64 2.4.0 85.57 440.72 526.29 OK
r-patched-solaris-x86 2.4.0 686.70 NOTE
r-release-linux-x86_64 2.4.0 61.75 439.37 501.12 OK
r-release-macos-arm64 2.4.0 NOTE
r-release-macos-x86_64 2.4.0 NOTE
r-release-windows-ix86+x86_64 2.4.0 108.00 527.00 635.00 NOTE
r-oldrel-macos-x86_64 2.4.0 NOTE
r-oldrel-windows-ix86+x86_64 2.4.0 73.00 451.00 524.00 NOTE

Check Details

Version: 2.4.0
Check: installed package size
Result: NOTE
     installed size is 6.4Mb
     sub-directories of 1Mb or more:
     R 2.3Mb
     help 3.4Mb
Flavors: r-devel-linux-x86_64-fedora-clang, r-devel-windows-x86_64, r-patched-solaris-x86, r-release-macos-arm64, r-release-macos-x86_64, r-release-windows-ix86+x86_64, r-oldrel-macos-x86_64, r-oldrel-windows-ix86+x86_64

Version: 2.4.0
Check: Rd cross-references
Result: NOTE
    Undeclared package ‘Hmisc’ in Rd xrefs
Flavor: r-devel-linux-x86_64-fedora-clang