CRAN Package Check Results for Package EffectLiteR

Last updated on 2024-06-13 12:49:34 CEST.

Flavor Version Tinstall Tcheck Ttotal Status Flags
r-devel-linux-x86_64-debian-clang 0.4-6 8.43 62.62 71.05 NOTE
r-devel-linux-x86_64-debian-gcc 0.4-6 0.39 1.58 1.97 ERROR
r-devel-linux-x86_64-fedora-clang 0.4-6 94.49 NOTE
r-devel-linux-x86_64-fedora-gcc 0.4-6 84.28 NOTE
r-devel-windows-x86_64 0.4-6 8.00 65.00 73.00 OK
r-patched-linux-x86_64 0.4-6 7.64 59.89 67.53 NOTE
r-release-linux-x86_64 0.4-6 6.58 58.14 64.72 NOTE
r-release-macos-arm64 0.4-6 27.00 NOTE
r-release-macos-x86_64 0.4-6 40.00 NOTE
r-release-windows-x86_64 0.4-6 8.00 61.00 69.00 OK
r-oldrel-macos-arm64 0.4-6 32.00 OK
r-oldrel-macos-x86_64 0.4-6 61.00 OK
r-oldrel-windows-x86_64 0.4-6 11.00 84.00 95.00 NOTE

Check Details

Version: 0.4-6
Check: package dependencies
Result: NOTE Package suggested but not available for checking: ‘lavaan.survey’ Flavors: r-devel-linux-x86_64-debian-clang, r-devel-linux-x86_64-fedora-clang, r-devel-linux-x86_64-fedora-gcc, r-patched-linux-x86_64, r-release-linux-x86_64, r-release-macos-arm64, r-release-macos-x86_64, r-oldrel-windows-x86_64

Version: 0.4-6
Check: package dependencies
Result: ERROR Packages required but not available: 'ggplot2', 'car' Packages suggested but not available for checking: 'testthat', 'lavaan.survey' See section ‘The DESCRIPTION file’ in the ‘Writing R Extensions’ manual. Flavor: r-devel-linux-x86_64-debian-gcc