Last updated on 2021-04-13 07:47:42 CEST.
Flavor | Version | Tinstall | Tcheck | Ttotal | Status | Flags |
---|---|---|---|---|---|---|
r-devel-linux-x86_64-debian-clang | 0.2.3 | 5.59 | 107.51 | 113.10 | NOTE | |
r-devel-linux-x86_64-debian-gcc | 0.2.3 | 4.81 | 78.79 | 83.60 | NOTE | |
r-devel-linux-x86_64-fedora-clang | 0.2.3 | 137.54 | NOTE | |||
r-devel-linux-x86_64-fedora-gcc | 0.2.3 | 134.44 | NOTE | |||
r-devel-windows-ix86+x86_64 | 0.2.3 | 12.00 | 142.00 | 154.00 | NOTE | |
r-devel-windows-x86_64-gcc10-UCRT | 0.2.3 | NOTE | ||||
r-patched-linux-x86_64 | 0.2.3 | 5.26 | 104.92 | 110.18 | OK | |
r-patched-solaris-x86 | 0.2.3 | 175.90 | NOTE | |||
r-release-linux-x86_64 | 0.2.3 | 4.82 | 102.90 | 107.72 | OK | |
r-release-macos-x86_64 | 0.2.3 | NOTE | ||||
r-release-windows-ix86+x86_64 | 0.2.3 | 11.00 | 139.00 | 150.00 | OK | |
r-oldrel-macos-x86_64 | 0.2.3 | NOTE | ||||
r-oldrel-windows-ix86+x86_64 | 0.2.3 | 5.00 | 100.00 | 105.00 | OK |
Version: 0.2.3
Check: LazyData
Result: NOTE
'LazyData' is specified without a 'data' directory
Flavors: r-devel-linux-x86_64-debian-clang, r-devel-linux-x86_64-debian-gcc, r-devel-linux-x86_64-fedora-clang, r-devel-linux-x86_64-fedora-gcc, r-devel-windows-ix86+x86_64, r-devel-windows-x86_64-gcc10-UCRT
Version: 0.2.3
Check: dependencies in R code
Result: NOTE
Namespaces in Imports field not imported from:
‘Rmisc’ ‘rlang’
All declared Imports should be used.
Flavors: r-devel-linux-x86_64-fedora-clang, r-devel-linux-x86_64-fedora-gcc, r-devel-windows-x86_64-gcc10-UCRT, r-patched-solaris-x86, r-release-macos-x86_64, r-oldrel-macos-x86_64