CRAN Package Check Results for Package EcoIndR

Last updated on 2021-09-20 15:52:40 CEST.

Flavor Version Tinstall Tcheck Ttotal Status Flags
r-devel-linux-x86_64-debian-clang 1.7 6.98 56.01 62.99 OK
r-devel-linux-x86_64-debian-gcc 1.7 6.15 42.86 49.01 OK
r-devel-linux-x86_64-fedora-clang 1.7 86.99 OK
r-devel-linux-x86_64-fedora-gcc 1.7 73.35 OK
r-devel-windows-x86_64 1.7 9.00 54.00 63.00 OK
r-devel-windows-x86_64-gcc10-UCRT 1.7 ERROR
r-patched-linux-x86_64 1.7 6.16 53.25 59.41 OK
r-patched-solaris-x86 1.7 113.30 OK
r-release-linux-x86_64 1.7 7.04 54.32 61.36 OK
r-release-macos-arm64 1.7 OK
r-release-macos-x86_64 1.7 OK
r-release-windows-ix86+x86_64 1.7 15.00 73.00 88.00 OK
r-oldrel-macos-x86_64 1.7 OK
r-oldrel-windows-ix86+x86_64 1.7 14.00 74.00 88.00 OK

Check Details

Version: 1.7
Check: whether package can be installed
Result: WARN
    Found the following significant warnings:
     WARNING: installation-time patches will not be applied, could not get the patches index
Flavor: r-devel-windows-x86_64-gcc10-UCRT

Version: 1.7
Check: PDF version of manual
Result: WARN
    LaTeX errors when creating PDF version.
    This typically indicates Rd problems.
Flavor: r-devel-windows-x86_64-gcc10-UCRT

Version: 1.7
Check: PDF version of manual without hyperrefs or index
Result: ERROR
    Re-running with no redirection of stdout/stderr.
Flavor: r-devel-windows-x86_64-gcc10-UCRT