CRAN Package Check Results for Package EcoHydRology

Last updated on 2021-09-21 07:50:04 CEST.

Flavor Version Tinstall Tcheck Ttotal Status Flags
r-devel-linux-x86_64-debian-clang 0.4.12.1 6.12 45.40 51.52 OK
r-devel-linux-x86_64-debian-gcc 0.4.12.1 4.99 35.69 40.68 OK
r-devel-linux-x86_64-fedora-clang 0.4.12.1 72.79 NOTE
r-devel-linux-x86_64-fedora-gcc 0.4.12.1 60.09 NOTE
r-devel-windows-x86_64 0.4.12.1 7.00 52.00 59.00 OK
r-devel-windows-x86_64-gcc10-UCRT 0.4.12.1 ERROR
r-patched-linux-x86_64 0.4.12.1 6.42 44.08 50.50 OK
r-patched-solaris-x86 0.4.12.1 87.40 NOTE
r-release-linux-x86_64 0.4.12.1 5.59 44.31 49.90 OK
r-release-macos-arm64 0.4.12.1 NOTE
r-release-macos-x86_64 0.4.12.1 NOTE
r-release-windows-ix86+x86_64 0.4.12.1 11.00 67.00 78.00 OK
r-oldrel-macos-x86_64 0.4.12.1 NOTE
r-oldrel-windows-ix86+x86_64 0.4.12.1 10.00 51.00 61.00 OK

Check Details

Version: 0.4.12.1
Check: data for non-ASCII characters
Result: NOTE
     Note: found 8 marked UTF-8 strings
Flavors: r-devel-linux-x86_64-fedora-clang, r-devel-linux-x86_64-fedora-gcc, r-patched-solaris-x86, r-release-macos-arm64, r-release-macos-x86_64, r-oldrel-macos-x86_64

Version: 0.4.12.1
Check: package dependencies
Result: ERROR
    Package required but not available: 'XML'
    
    See section 'The DESCRIPTION file' in the 'Writing R Extensions'
    manual.
Flavor: r-devel-windows-x86_64-gcc10-UCRT