Last updated on 2021-01-17 11:49:20 CET.
Flavor | Version | Tinstall | Tcheck | Ttotal | Status | Flags |
---|---|---|---|---|---|---|
r-devel-linux-x86_64-debian-clang | 1.2 | 6.07 | 31.83 | 37.90 | OK | |
r-devel-linux-x86_64-debian-gcc | 1.2 | 4.70 | 25.60 | 30.30 | OK | |
r-devel-linux-x86_64-fedora-clang | 1.2 | 56.50 | OK | |||
r-devel-linux-x86_64-fedora-gcc | 1.2 | 49.28 | OK | |||
r-devel-windows-ix86+x86_64 | 1.2 | 11.00 | 38.00 | 49.00 | OK | |
r-patched-linux-x86_64 | 1.2 | 6.02 | 31.03 | 37.05 | OK | |
r-patched-solaris-x86 | 1.2 | 64.20 | OK | |||
r-release-linux-x86_64 | 1.2 | 5.76 | 30.80 | 36.56 | OK | |
r-release-macos-x86_64 | 1.2 | OK | ||||
r-release-windows-ix86+x86_64 | 1.2 | 9.00 | 38.00 | 47.00 | OK | |
r-oldrel-macos-x86_64 | 1.2 | NOTE | ||||
r-oldrel-windows-ix86+x86_64 | 1.2 | 9.00 | 39.00 | 48.00 | NOTE |
Version: 1.2
Check: R code for possible problems
Result: NOTE
MartingaleTest,Scenarios: no visible global function definition for
‘plot’
Undefined global functions or variables:
plot
Consider adding
importFrom("graphics", "plot")
to your NAMESPACE file.
Flavors: r-oldrel-macos-x86_64, r-oldrel-windows-ix86+x86_64