CRAN Package Check Results for Package EMMIXgene

Last updated on 2021-09-20 15:52:41 CEST.

Flavor Version Tinstall Tcheck Ttotal Status Flags
r-devel-linux-x86_64-debian-clang 0.1.3 67.47 84.61 152.08 OK
r-devel-linux-x86_64-debian-gcc 0.1.3 45.61 60.31 105.92 OK
r-devel-linux-x86_64-fedora-clang 0.1.3 210.49 NOTE
r-devel-linux-x86_64-fedora-gcc 0.1.3 180.28 OK
r-devel-windows-x86_64 0.1.3 57.00 86.00 143.00 OK
r-devel-windows-x86_64-gcc10-UCRT 0.1.3 ERROR
r-patched-linux-x86_64 0.1.3 53.81 79.62 133.43 OK
r-patched-solaris-x86 0.1.3 204.40 OK
r-release-linux-x86_64 0.1.3 51.85 79.94 131.79 OK
r-release-macos-arm64 0.1.3 NOTE
r-release-macos-x86_64 0.1.3 NOTE
r-release-windows-ix86+x86_64 0.1.3 143.00 157.00 300.00 NOTE
r-oldrel-macos-x86_64 0.1.3 NOTE
r-oldrel-windows-ix86+x86_64 0.1.3 144.00 128.00 272.00 NOTE

Check Details

Version: 0.1.3
Check: installed package size
Result: NOTE
     installed size is 6.1Mb
     sub-directories of 1Mb or more:
     data 2.0Mb
     libs 3.3Mb
Flavors: r-devel-linux-x86_64-fedora-clang, r-release-macos-arm64, r-release-macos-x86_64, r-release-windows-ix86+x86_64, r-oldrel-macos-x86_64, r-oldrel-windows-ix86+x86_64

Version: 0.1.3
Check: whether package can be installed
Result: ERROR
    Installation failed.
Flavor: r-devel-windows-x86_64-gcc10-UCRT