CRAN Package Check Results for Package EFA.MRFA

Last updated on 2021-06-17 03:50:56 CEST.

Flavor Version Tinstall Tcheck Ttotal Status Flags
r-devel-linux-x86_64-debian-gcc 1.1.2 3.54 31.82 35.36 OK
r-devel-linux-x86_64-fedora-gcc 1.1.2 32.46 NOTE
r-devel-windows-x86_64 1.1.2 7.00 73.00 80.00 OK
r-patched-solaris-x86 1.1.2 74.70 NOTE
r-release-macos-arm64 1.0.9 OK
r-release-macos-x86_64 1.0.9 OK
r-release-windows-ix86+x86_64 1.1.2 8.00 60.00 68.00 OK
r-oldrel-macos-x86_64 1.0.9 OK

Check Details

Version: 1.1.2
Check: dependencies in R code
Result: NOTE
    Namespace in Imports field not imported from: ‘PCovR’
     All declared Imports should be used.
Flavors: r-devel-linux-x86_64-fedora-gcc, r-patched-solaris-x86