CRAN Package Check Results for Package DynamicGP

Last updated on 2021-05-07 11:49:26 CEST.

Flavor Version Tinstall Tcheck Ttotal Status Flags
r-devel-linux-x86_64-debian-clang 1.1-6 21.62 32.29 53.91 OK
r-devel-linux-x86_64-debian-gcc 1.1-6 14.05 24.58 38.63 OK
r-devel-linux-x86_64-fedora-clang 1.1-6 84.10 OK
r-devel-linux-x86_64-fedora-gcc 1.1-6 63.01 OK
r-devel-windows-ix86+x86_64 1.1-6 59.00 69.00 128.00 OK
r-devel-windows-x86_64-gcc10-UCRT 1.1-6 OK
r-patched-linux-x86_64 1.1-6 17.30 31.04 48.34 OK
r-patched-solaris-x86 1.1-6 83.60 OK
r-release-linux-x86_64 1.1-6 18.27 30.18 48.45 OK
r-release-macos-x86_64 1.1-6 OK
r-release-windows-ix86+x86_64 1.1-6 57.00 56.00 113.00 OK
r-oldrel-macos-x86_64 1.1-6 OK
r-oldrel-windows-ix86+x86_64 1.1-6 67.00 4.00 71.00 ERROR

Check Details

Version: 1.1-6
Check: whether package can be installed
Result: ERROR
    Installation failed.
    See 'd:/Rcompile/CRANpkg/local/3.6/DynamicGP.Rcheck/00install.out'* DONE
Flavor: r-oldrel-windows-ix86+x86_64