CRAN Package Check Results for Package DynComm

Last updated on 2021-06-20 19:50:23 CEST.

Flavor Version Tinstall Tcheck Ttotal Status Flags
r-devel-linux-x86_64-debian-clang 2020.1.6 42.85 56.49 99.34 OK
r-devel-linux-x86_64-debian-gcc 2020.1.6 35.54 43.31 78.85 OK
r-devel-linux-x86_64-fedora-clang 2020.1.6 139.46 OK
r-devel-linux-x86_64-fedora-gcc 2020.1.6 129.46 OK
r-devel-windows-x86_64 2020.1.6 49.00 69.00 118.00 OK
r-devel-windows-x86_64-gcc10-UCRT 2020.1.6 NOTE
r-patched-linux-x86_64 2020.1.6 42.85 53.95 96.80 OK
r-patched-solaris-x86 2020.1.6 151.40 OK
r-release-linux-x86_64 2020.1.6 38.22 54.37 92.59 OK
r-release-macos-arm64 2020.1.6 NOTE
r-release-macos-x86_64 2020.1.6 NOTE
r-release-windows-ix86+x86_64 2020.1.6 91.00 111.00 202.00 OK
r-oldrel-macos-x86_64 2020.1.6 NOTE

Check Details

Version: 2020.1.6
Check: package dependencies
Result: NOTE
    Package suggested but not available for checking: 'devtools'
Flavor: r-devel-windows-x86_64-gcc10-UCRT

Version: 2020.1.6
Check: installed package size
Result: NOTE
     installed size is 7.4Mb
     sub-directories of 1Mb or more:
     libs 7.2Mb
Flavors: r-release-macos-arm64, r-release-macos-x86_64, r-oldrel-macos-x86_64