CRAN Package Check Results for Package DynClust

Last updated on 2021-09-21 15:50:48 CEST.

Flavor Version Tinstall Tcheck Ttotal Status Flags
r-devel-linux-x86_64-debian-clang 3.13 2.47 25.30 27.77 NOTE
r-devel-linux-x86_64-debian-gcc 3.13 2.00 20.14 22.14 NOTE
r-devel-linux-x86_64-fedora-clang 3.13 44.53 NOTE
r-devel-linux-x86_64-fedora-gcc 3.13 32.46 NOTE
r-devel-windows-x86_64 3.13 5.00 32.00 37.00 NOTE
r-devel-windows-x86_64-gcc10-UCRT 3.13 ERROR
r-patched-linux-x86_64 3.13 2.62 24.78 27.40 NOTE
r-patched-solaris-x86 3.13 50.50 NOTE
r-release-linux-x86_64 3.13 2.87 24.96 27.83 NOTE
r-release-macos-arm64 3.13 NOTE
r-release-macos-x86_64 3.13 NOTE
r-release-windows-ix86+x86_64 3.13 6.00 38.00 44.00 NOTE
r-oldrel-macos-x86_64 3.13 NOTE
r-oldrel-windows-ix86+x86_64 3.13 4.00 39.00 43.00 NOTE

Check Details

Version: 3.13
Check: R code for possible problems
Result: NOTE
    MultiTestH0 : MultiTestOneColumn: no visible global function definition
     for 'pchisq'
    RunClustering : CheckClusterNew: no visible global function definition
     for 'qchisq'
    RunClustering: no visible global function definition for 'qchisq'
    RunDenoising: no visible binding for global variable 'var'
    RunDenoising: no visible global function definition for 'qchisq'
    RunDenoising: no visible binding for global variable 'median'
    RunDenoising: no visible global function definition for 'var'
    RunDenoising : buildEstimate: no visible global function definition for
     'qchisq'
    Undefined global functions or variables:
     median pchisq qchisq var
    Consider adding
     importFrom("stats", "median", "pchisq", "qchisq", "var")
    to your NAMESPACE file.
Flavors: r-devel-linux-x86_64-debian-clang, r-devel-linux-x86_64-debian-gcc, r-devel-linux-x86_64-fedora-clang, r-devel-linux-x86_64-fedora-gcc, r-devel-windows-x86_64, r-devel-windows-x86_64-gcc10-UCRT, r-patched-linux-x86_64, r-patched-solaris-x86, r-release-linux-x86_64, r-release-macos-arm64, r-release-macos-x86_64, r-release-windows-ix86+x86_64, r-oldrel-macos-x86_64, r-oldrel-windows-ix86+x86_64

Version: 3.13
Check: whether package can be installed
Result: WARN
    Found the following significant warnings:
     WARNING: installation-time patches will not be applied, could not get the patches index
Flavor: r-devel-windows-x86_64-gcc10-UCRT

Version: 3.13
Check: PDF version of manual
Result: WARN
    LaTeX errors when creating PDF version.
    This typically indicates Rd problems.
Flavor: r-devel-windows-x86_64-gcc10-UCRT

Version: 3.13
Check: PDF version of manual without hyperrefs or index
Result: ERROR
    Re-running with no redirection of stdout/stderr.
Flavor: r-devel-windows-x86_64-gcc10-UCRT