Last updated on 2023-01-29 03:55:12 CET.
Flavor | Version | Tinstall | Tcheck | Ttotal | Status | Flags |
---|---|---|---|---|---|---|
r-devel-linux-x86_64-debian-clang | 1.0 | 324.80 | 135.89 | 460.69 | OK | |
r-devel-linux-x86_64-debian-gcc | 1.0 | 241.04 | 111.08 | 352.12 | NOTE | |
r-devel-linux-x86_64-fedora-clang | 1.0 | 727.71 | OK | |||
r-devel-linux-x86_64-fedora-gcc | 1.0 | 609.61 | NOTE | |||
r-devel-windows-x86_64 | 1.0 | 250.00 | 200.00 | 450.00 | NOTE | |
r-patched-linux-x86_64 | 1.0 | 286.41 | 133.41 | 419.82 | OK | |
r-release-linux-x86_64 | 1.0 | 272.67 | 137.61 | 410.28 | OK | |
r-release-macos-arm64 | 1.0 | 144.00 | NOTE | |||
r-release-macos-x86_64 | 1.0 | 201.00 | NOTE | |||
r-release-windows-x86_64 | 1.0 | 246.00 | 196.00 | 442.00 | NOTE | |
r-oldrel-macos-arm64 | 1.0 | 144.00 | NOTE | |||
r-oldrel-macos-x86_64 | 1.0 | 201.00 | NOTE | |||
r-oldrel-windows-ix86+x86_64 | 1.0 | 805.00 | 241.00 | 1046.00 | NOTE |
Version: 1.0
Check: C++ specification
Result: NOTE
Specified C++11: please update to current default of C++17
Flavors: r-devel-linux-x86_64-debian-gcc, r-devel-linux-x86_64-fedora-gcc
Version: 1.0
Check: installed package size
Result: NOTE
installed size is 5.4Mb
sub-directories of 1Mb or more:
data 3.1Mb
libs 1.8Mb
Flavors: r-devel-windows-x86_64, r-release-macos-arm64, r-release-macos-x86_64, r-release-windows-x86_64, r-oldrel-macos-arm64, r-oldrel-macos-x86_64, r-oldrel-windows-ix86+x86_64