CRAN Package Check Results for Package DstarM

Last updated on 2021-04-14 23:47:09 CEST.

Flavor Version Tinstall Tcheck Ttotal Status Flags
r-devel-linux-x86_64-debian-clang 0.4.0 44.11 89.09 133.20 NOTE
r-devel-linux-x86_64-debian-gcc 0.4.0 32.66 67.47 100.13 NOTE
r-devel-linux-x86_64-fedora-clang 0.4.0 176.71 NOTE
r-devel-linux-x86_64-fedora-gcc 0.4.0 166.16 NOTE
r-devel-windows-ix86+x86_64 0.4.0 104.00 172.00 276.00 NOTE
r-devel-windows-x86_64-gcc10-UCRT 0.4.0 NOTE
r-patched-linux-x86_64 0.4.0 35.89 81.68 117.57 OK
r-patched-solaris-x86 0.4.0 194.50 NOTE
r-release-linux-x86_64 0.4.0 38.24 81.63 119.87 OK
r-release-macos-x86_64 0.4.0 NOTE
r-release-windows-ix86+x86_64 0.4.0 102.00 177.00 279.00 OK
r-oldrel-macos-x86_64 0.4.0 NOTE
r-oldrel-windows-ix86+x86_64 0.4.0 89.00 117.00 206.00 OK

Check Details

Version: 0.4.0
Check: LazyData
Result: NOTE
     'LazyData' is specified without a 'data' directory
Flavors: r-devel-linux-x86_64-debian-clang, r-devel-linux-x86_64-debian-gcc, r-devel-linux-x86_64-fedora-clang, r-devel-linux-x86_64-fedora-gcc, r-devel-windows-ix86+x86_64, r-devel-windows-x86_64-gcc10-UCRT

Version: 0.4.0
Check: dependencies in R code
Result: NOTE
    Namespace in Imports field not imported from: ‘Rcpp’
     All declared Imports should be used.
Flavors: r-devel-linux-x86_64-fedora-clang, r-devel-linux-x86_64-fedora-gcc, r-devel-windows-x86_64-gcc10-UCRT, r-patched-solaris-x86, r-release-macos-x86_64, r-oldrel-macos-x86_64