CRAN Package Check Results for Package DockerParallel

Last updated on 2021-09-20 15:52:39 CEST.

Flavor Version Tinstall Tcheck Ttotal Status Flags
r-devel-linux-x86_64-debian-clang 1.0.4 6.45 42.07 48.52 OK
r-devel-linux-x86_64-debian-gcc 1.0.4 5.42 32.75 38.17 OK
r-devel-linux-x86_64-fedora-clang 1.0.4 68.94 OK
r-devel-linux-x86_64-fedora-gcc 1.0.4 56.10 OK
r-devel-windows-x86_64 1.0.4 13.00 49.00 62.00 OK
r-devel-windows-x86_64-gcc10-UCRT 1.0.4 ERROR
r-patched-linux-x86_64 1.0.4 5.74 41.73 47.47 OK
r-patched-solaris-x86 1.0.4 79.00 OK
r-release-linux-x86_64 1.0.4 5.55 41.11 46.66 OK
r-release-macos-arm64 1.0.4 OK
r-release-macos-x86_64 1.0.4 OK
r-release-windows-ix86+x86_64 1.0.4 12.00 59.00 71.00 OK
r-oldrel-macos-x86_64 1.0.4 OK
r-oldrel-windows-ix86+x86_64 1.0.4 11.00 60.00 71.00 OK

Check Details

Version: 1.0.4
Check: whether package can be installed
Result: WARN
    Found the following significant warnings:
     WARNING: installation-time patches will not be applied, could not get the patches index
Flavor: r-devel-windows-x86_64-gcc10-UCRT

Version: 1.0.4
Check: PDF version of manual
Result: WARN
    LaTeX errors when creating PDF version.
    This typically indicates Rd problems.
Flavor: r-devel-windows-x86_64-gcc10-UCRT

Version: 1.0.4
Check: PDF version of manual without hyperrefs or index
Result: ERROR
    Re-running with no redirection of stdout/stderr.
Flavor: r-devel-windows-x86_64-gcc10-UCRT