CRAN Package Check Results for Package DoE.wrapper

Last updated on 2022-12-04 23:53:32 CET.

Flavor Version Tinstall Tcheck Ttotal Status Flags
r-devel-linux-x86_64-debian-clang 0.11 5.09 110.98 116.07 NOTE
r-devel-linux-x86_64-debian-gcc 0.11 5.86 86.08 91.94 NOTE
r-devel-linux-x86_64-fedora-clang 0.11 160.23 NOTE
r-devel-linux-x86_64-fedora-gcc 0.11 184.36 NOTE
r-devel-windows-x86_64 0.11 27.00 134.00 161.00 NOTE
r-patched-linux-x86_64 0.11 9.58 105.38 114.96 NOTE
r-release-linux-x86_64 0.11 6.64 108.82 115.46 NOTE
r-release-macos-arm64 0.11 43.00 NOTE
r-release-macos-x86_64 0.11 61.00 NOTE
r-release-windows-x86_64 0.11 21.00 151.00 172.00 NOTE
r-oldrel-macos-arm64 0.11 48.00 NOTE
r-oldrel-macos-x86_64 0.11 66.00 NOTE
r-oldrel-windows-ix86+x86_64 0.11 25.00 137.00 162.00 NOTE

Check Details

Version: 0.11
Check: LazyData
Result: NOTE
     'LazyData' is specified without a 'data' directory
Flavors: r-devel-linux-x86_64-debian-clang, r-devel-linux-x86_64-debian-gcc, r-devel-linux-x86_64-fedora-clang, r-devel-linux-x86_64-fedora-gcc, r-devel-windows-x86_64, r-patched-linux-x86_64, r-release-linux-x86_64, r-release-macos-arm64, r-release-macos-x86_64, r-release-windows-x86_64, r-oldrel-macos-arm64, r-oldrel-macos-x86_64, r-oldrel-windows-ix86+x86_64