CRAN Package Check Results for Package DoE.base

Last updated on 2022-12-04 23:53:32 CET.

Flavor Version Tinstall Tcheck Ttotal Status Flags
r-devel-linux-x86_64-debian-clang 1.2-1 17.80 134.49 152.29 NOTE
r-devel-linux-x86_64-debian-gcc 1.2-1 13.12 101.34 114.46 NOTE
r-devel-linux-x86_64-fedora-clang 1.2-1 208.34 NOTE
r-devel-linux-x86_64-fedora-gcc 1.2-1 215.81 NOTE
r-devel-windows-x86_64 1.2-1 94.00 170.00 264.00 NOTE
r-patched-linux-x86_64 1.2-1 21.78 123.07 144.85 OK
r-release-linux-x86_64 1.2-1 15.17 126.91 142.08 OK
r-release-macos-arm64 1.2-1 45.00 OK
r-release-macos-x86_64 1.2-1 71.00 OK
r-release-windows-x86_64 1.2-1 103.00 178.00 281.00 OK
r-oldrel-macos-arm64 1.2-1 43.00 OK
r-oldrel-macos-x86_64 1.2-1 64.00 OK
r-oldrel-windows-ix86+x86_64 1.2-1 31.00 155.00 186.00 OK

Check Details

Version: 1.2-1
Check: Rd files
Result: NOTE
    checkRd: (-1) block.catlg.Rd:61: Escaped LaTeX specials: \^ \^
Flavors: r-devel-linux-x86_64-debian-clang, r-devel-linux-x86_64-debian-gcc, r-devel-linux-x86_64-fedora-clang, r-devel-linux-x86_64-fedora-gcc, r-devel-windows-x86_64