CRAN Package Check Results for Package DiscreteQvalue

Last updated on 2021-04-20 23:47:40 CEST.

Flavor Version Tinstall Tcheck Ttotal Status Flags
r-devel-linux-x86_64-debian-clang 1.1 2.04 21.40 23.44 NOTE
r-devel-linux-x86_64-debian-gcc 1.1 1.62 17.26 18.88 NOTE
r-devel-linux-x86_64-fedora-clang 1.1 39.05 NOTE
r-devel-linux-x86_64-fedora-gcc 1.1 28.41 NOTE
r-devel-windows-ix86+x86_64 1.1 5.00 30.00 35.00 NOTE
r-devel-windows-x86_64-gcc10-UCRT 1.1 NOTE
r-patched-linux-x86_64 1.1 1.83 20.82 22.65 OK
r-patched-solaris-x86 1.1 42.90 OK
r-release-linux-x86_64 1.1 1.88 20.72 22.60 OK
r-release-macos-x86_64 1.1 OK
r-release-windows-ix86+x86_64 1.1 5.00 38.00 43.00 OK
r-oldrel-macos-x86_64 1.1 OK
r-oldrel-windows-ix86+x86_64 1.1 4.00 34.00 38.00 OK

Check Details

Version: 1.1
Check: LazyData
Result: NOTE
     'LazyData' is specified without a 'data' directory
Flavors: r-devel-linux-x86_64-debian-clang, r-devel-linux-x86_64-debian-gcc, r-devel-linux-x86_64-fedora-clang, r-devel-linux-x86_64-fedora-gcc, r-devel-windows-ix86+x86_64, r-devel-windows-x86_64-gcc10-UCRT