CRAN Package Check Results for Package DiscreteInverseWeibull

Last updated on 2021-09-21 15:50:47 CEST.

Flavor Version Tinstall Tcheck Ttotal Status Flags
r-devel-linux-x86_64-debian-clang 1.0.2 2.29 26.72 29.01 OK
r-devel-linux-x86_64-debian-gcc 1.0.2 1.64 21.12 22.76 OK
r-devel-linux-x86_64-fedora-clang 1.0.2 45.20 OK
r-devel-linux-x86_64-fedora-gcc 1.0.2 33.08 OK
r-devel-windows-x86_64 1.0.2 3.00 32.00 35.00 OK
r-devel-windows-x86_64-gcc10-UCRT 1.0.2 ERROR
r-patched-linux-x86_64 1.0.2 2.44 25.89 28.33 OK
r-patched-solaris-x86 1.0.2 50.00 OK
r-release-linux-x86_64 1.0.2 2.02 25.71 27.73 OK
r-release-macos-arm64 1.0.2 OK
r-release-macos-x86_64 1.0.2 OK
r-release-windows-ix86+x86_64 1.0.2 5.00 42.00 47.00 OK
r-oldrel-macos-x86_64 1.0.2 OK
r-oldrel-windows-ix86+x86_64 1.0.2 5.00 35.00 40.00 OK

Check Details

Version: 1.0.2
Check: whether package can be installed
Result: WARN
    Found the following significant warnings:
     WARNING: installation-time patches will not be applied, could not get the patches index
Flavor: r-devel-windows-x86_64-gcc10-UCRT

Version: 1.0.2
Check: PDF version of manual
Result: WARN
    LaTeX errors when creating PDF version.
    This typically indicates Rd problems.
Flavor: r-devel-windows-x86_64-gcc10-UCRT

Version: 1.0.2
Check: PDF version of manual without hyperrefs or index
Result: ERROR
    Re-running with no redirection of stdout/stderr.
Flavor: r-devel-windows-x86_64-gcc10-UCRT