CRAN Package Check Results for Package Directional

Last updated on 2021-09-21 07:50:02 CEST.

Flavor Version Tinstall Tcheck Ttotal Status Flags
r-devel-linux-x86_64-debian-clang 5.0 16.26 126.07 142.33 OK
r-devel-linux-x86_64-debian-gcc 5.0 12.80 90.59 103.39 OK
r-devel-linux-x86_64-fedora-clang 5.0 178.41 OK
r-devel-linux-x86_64-fedora-gcc 5.0 160.37 OK
r-devel-windows-x86_64 5.0 20.00 115.00 135.00 OK
r-devel-windows-x86_64-gcc10-UCRT 5.0 ERROR
r-patched-linux-x86_64 5.0 21.17 117.28 138.45 OK
r-patched-solaris-x86 5.0 194.30 OK
r-release-linux-x86_64 5.0 13.85 116.03 129.88 OK
r-release-macos-arm64 5.0 OK
r-release-macos-x86_64 5.0 OK
r-release-windows-ix86+x86_64 5.0 31.00 150.00 181.00 OK
r-oldrel-macos-x86_64 5.0 OK
r-oldrel-windows-ix86+x86_64 5.0 31.00 113.00 144.00 OK

Check Details

Version: 5.0
Check: whether package can be installed
Result: WARN
    Found the following significant warnings:
     WARNING: installation-time patches will not be applied, could not get the patches index
Flavor: r-devel-windows-x86_64-gcc10-UCRT

Version: 5.0
Check: PDF version of manual
Result: WARN
    LaTeX errors when creating PDF version.
    This typically indicates Rd problems.
Flavor: r-devel-windows-x86_64-gcc10-UCRT

Version: 5.0
Check: PDF version of manual without hyperrefs or index
Result: ERROR
    Re-running with no redirection of stdout/stderr.
Flavor: r-devel-windows-x86_64-gcc10-UCRT