CRAN Package Check Results for Package DiffusionRjgqd

Last updated on 2021-06-24 07:50:08 CEST.

Flavor Version Tinstall Tcheck Ttotal Status Flags
r-devel-linux-x86_64-debian-clang 0.1.1 43.26 170.77 214.03 OK
r-devel-linux-x86_64-debian-gcc 0.1.1 33.32 133.81 167.13 OK
r-devel-linux-x86_64-fedora-clang 0.1.1 272.74 NOTE
r-devel-linux-x86_64-fedora-gcc 0.1.1 277.28 NOTE
r-devel-windows-x86_64 0.1.1 63.00 239.00 302.00 NOTE
r-devel-windows-x86_64-gcc10-UCRT 0.1.1 NOTE
r-patched-linux-x86_64 0.1.1 37.31 174.17 211.48 OK
r-patched-solaris-x86 0.1.1 385.90 NOTE
r-release-linux-x86_64 0.1.1 38.96 173.68 212.64 OK
r-release-macos-arm64 0.1.1 WARN
r-release-macos-x86_64 0.1.1 NOTE
r-release-windows-ix86+x86_64 0.1.1 69.00 240.00 309.00 NOTE
r-oldrel-macos-x86_64 0.1.1 WARN

Check Details

Version: 0.1.1
Check: installed package size
Result: NOTE
     installed size is 7.0Mb
     sub-directories of 1Mb or more:
     doc 5.6Mb
Flavors: r-devel-linux-x86_64-fedora-clang, r-devel-windows-x86_64, r-patched-solaris-x86, r-release-macos-arm64, r-release-macos-x86_64, r-release-windows-ix86+x86_64, r-oldrel-macos-x86_64

Version: 0.1.1
Check: compiled code
Result: NOTE
    File ‘DiffusionRjgqd/libs/DiffusionRjgqd.so’:
     Found no calls to: ‘R_registerRoutines’, ‘R_useDynamicSymbols’
    
    It is good practice to register native routines and to disable symbol
    search.
    
    See ‘Writing portable packages’ in the ‘Writing R Extensions’ manual.
Flavors: r-devel-linux-x86_64-fedora-clang, r-devel-linux-x86_64-fedora-gcc

Version: 0.1.1
Check: package dependencies
Result: NOTE
    Package suggested but not available for checking: 'Quandl'
Flavor: r-devel-windows-x86_64-gcc10-UCRT

Version: 0.1.1
Check: re-building of vignette outputs
Result: WARN
    Error(s) in re-building vignettes:
    --- re-building ‘Part_1_Introduction.Rmd’ using rmarkdown
    Warning in engine$weave(file, quiet = quiet, encoding = enc) :
     Pandoc (>= 1.12.3) not available. Falling back to R Markdown v1.
    --- finished re-building ‘Part_1_Introduction.Rmd’
    
    --- re-building ‘Part_2_Transition_Densities.Rmd’ using rmarkdown
    Warning in engine$weave(file, quiet = quiet, encoding = enc) :
     Pandoc (>= 1.12.3) not available. Falling back to R Markdown v1.
    Quitting from lines 176-185 (Part_2_Transition_Densities.Rmd)
    Error: processing vignette 'Part_2_Transition_Densities.Rmd' failed with diagnostics:
    there is no package called 'DiffusionRgqd'
    --- failed re-building ‘Part_2_Transition_Densities.Rmd’
    
    --- re-building ‘Part_3_Bivariate_Diffusions.Rmd’ using rmarkdown
    Warning in engine$weave(file, quiet = quiet, encoding = enc) :
     Pandoc (>= 1.12.3) not available. Falling back to R Markdown v1.
    --- finished re-building ‘Part_3_Bivariate_Diffusions.Rmd’
    
    --- re-building ‘DiffusionRjgqd_Paper.pdf.asis’ using asis
    --- finished re-building ‘DiffusionRjgqd_Paper.pdf.asis’
    
    --- re-building ‘DiffusionRjgqd_RepMaterials.html.asis’ using asis
    --- finished re-building ‘DiffusionRjgqd_RepMaterials.html.asis’
    
    --- re-building ‘Part_4_Likelihood_Inference.html.asis’ using asis
    --- finished re-building ‘Part_4_Likelihood_Inference.html.asis’
    
    SUMMARY: processing the following file failed:
     ‘Part_2_Transition_Densities.Rmd’
    
    Error: Vignette re-building failed.
    Execution halted
Flavor: r-release-macos-arm64

Version: 0.1.1
Check: re-building of vignette outputs
Result: WARN
    Error(s) in re-building vignettes:
    --- re-building ‘Part_1_Introduction.Rmd’ using rmarkdown
    Warning in engine$weave(file, quiet = quiet, encoding = enc) :
     Pandoc (>= 1.12.3) and/or pandoc-citeproc not available. Falling back to R Markdown v1.
    --- finished re-building ‘Part_1_Introduction.Rmd’
    
    --- re-building ‘Part_2_Transition_Densities.Rmd’ using rmarkdown
    Warning in engine$weave(file, quiet = quiet, encoding = enc) :
     Pandoc (>= 1.12.3) and/or pandoc-citeproc not available. Falling back to R Markdown v1.
    Quitting from lines 176-185 (Part_2_Transition_Densities.Rmd)
    Error: processing vignette 'Part_2_Transition_Densities.Rmd' failed with diagnostics:
    there is no package called 'DiffusionRgqd'
    --- failed re-building ‘Part_2_Transition_Densities.Rmd’
    
    --- re-building ‘Part_3_Bivariate_Diffusions.Rmd’ using rmarkdown
    Warning in engine$weave(file, quiet = quiet, encoding = enc) :
     Pandoc (>= 1.12.3) and/or pandoc-citeproc not available. Falling back to R Markdown v1.
    --- finished re-building ‘Part_3_Bivariate_Diffusions.Rmd’
    
    --- re-building ‘DiffusionRjgqd_Paper.pdf.asis’ using asis
    --- finished re-building ‘DiffusionRjgqd_Paper.pdf.asis’
    
    --- re-building ‘DiffusionRjgqd_RepMaterials.html.asis’ using asis
    --- finished re-building ‘DiffusionRjgqd_RepMaterials.html.asis’
    
    --- re-building ‘Part_4_Likelihood_Inference.html.asis’ using asis
    --- finished re-building ‘Part_4_Likelihood_Inference.html.asis’
    
    SUMMARY: processing the following file failed:
     ‘Part_2_Transition_Densities.Rmd’
    
    Error: Vignette re-building failed.
    Execution halted
Flavor: r-oldrel-macos-x86_64