CRAN Package Check Results for Package DiffusionRimp

Last updated on 2021-06-14 11:52:48 CEST.

Flavor Version Tinstall Tcheck Ttotal Status Flags
r-devel-linux-x86_64-debian-clang 0.1.2 34.33 66.30 100.63 OK
r-devel-linux-x86_64-debian-gcc 0.1.2 24.34 51.06 75.40 OK
r-devel-linux-x86_64-fedora-clang 0.1.2 135.92 NOTE
r-devel-linux-x86_64-fedora-gcc 0.1.2 120.81 NOTE
r-devel-windows-x86_64 0.1.2 45.00 91.00 136.00 OK
r-devel-windows-x86_64-gcc10-UCRT 0.1.2 OK
r-patched-linux-x86_64 0.1.2 32.62 64.30 96.92 OK
r-patched-solaris-x86 0.1.2 144.40 OK
r-release-linux-x86_64 0.1.2 27.14 64.11 91.25 OK
r-release-macos-arm64 0.1.2 OK
r-release-macos-x86_64 0.1.2 OK
r-release-windows-ix86+x86_64 0.1.2 77.00 120.00 197.00 OK
r-oldrel-macos-x86_64 0.1.2 OK
r-oldrel-windows-ix86+x86_64 0.1.2 81.00 118.00 199.00 OK

Check Details

Version: 0.1.2
Check: compiled code
Result: NOTE
    File ‘DiffusionRimp/libs/DiffusionRimp.so’:
     Found no calls to: ‘R_registerRoutines’, ‘R_useDynamicSymbols’
    
    It is good practice to register native routines and to disable symbol
    search.
    
    See ‘Writing portable packages’ in the ‘Writing R Extensions’ manual.
Flavors: r-devel-linux-x86_64-fedora-clang, r-devel-linux-x86_64-fedora-gcc