CRAN Package Check Results for Package DiagrammeR

Last updated on 2021-12-05 07:49:08 CET.

Flavor Version Tinstall Tcheck Ttotal Status Flags
r-devel-linux-x86_64-debian-clang 1.0.6.1 21.96 247.26 269.22 OK
r-devel-linux-x86_64-debian-gcc 1.0.6.1 18.43 184.85 203.28 OK
r-devel-linux-x86_64-fedora-clang 1.0.6.1 324.15 NOTE
r-devel-linux-x86_64-fedora-gcc 1.0.6.1 327.35 NOTE
r-devel-windows-x86_64-new-UL 1.0.6.1 82.00 378.00 460.00 NOTE
r-devel-windows-x86_64-new-TK 1.0.6.1 NOTE
r-devel-windows-x86_64-old 1.0.6.1 37.00 259.00 296.00 NOTE
r-patched-linux-x86_64 1.0.6.1 26.18 239.36 265.54 OK
r-release-linux-x86_64 1.0.6.1 24.36 246.14 270.50 OK
r-release-macos-arm64 1.0.6.1 NOTE
r-release-macos-x86_64 1.0.6.1 ERROR
r-release-windows-ix86+x86_64 1.0.6.1 38.00 349.00 387.00 NOTE
r-oldrel-macos-x86_64 1.0.6.1 WARN
r-oldrel-windows-ix86+x86_64 1.0.6.1 38.00 344.00 382.00 NOTE

Check Details

Version: 1.0.6.1
Check: installed package size
Result: NOTE
     installed size is 14.2Mb
     sub-directories of 1Mb or more:
     doc 9.7Mb
     htmlwidgets 2.9Mb
Flavors: r-devel-linux-x86_64-fedora-clang, r-devel-windows-x86_64-new-UL, r-devel-windows-x86_64-old, r-release-macos-arm64, r-release-macos-x86_64, r-release-windows-ix86+x86_64, r-oldrel-macos-x86_64, r-oldrel-windows-ix86+x86_64

Version: 1.0.6.1
Check: data for non-ASCII characters
Result: NOTE
     Note: found 1 marked UTF-8 string
Flavors: r-devel-linux-x86_64-fedora-clang, r-devel-linux-x86_64-fedora-gcc, r-devel-windows-x86_64-new-TK, r-release-macos-arm64, r-release-macos-x86_64, r-oldrel-macos-x86_64

Version: 1.0.6.1
Check: tests
Result: ERROR
     Running ‘testthat.R’ [0s/0s]
    Running the tests in ‘tests/testthat.R’ failed.
    Complete output:
     > library(testthat)
     Error in library(testthat) : there is no package called 'testthat'
     Execution halted
Flavor: r-release-macos-x86_64

Version: 1.0.6.1
Check: re-building of vignette outputs
Result: WARN
    Error(s) in re-building vignettes:
    --- re-building ‘graphviz-mermaid.Rmd’ using rmarkdown
    Warning in engine$weave(file, quiet = quiet, encoding = enc) :
     Pandoc (>= 1.12.3) not available. Falling back to R Markdown v1.
    Quitting from lines 57-79 (graphviz-mermaid.Rmd)
    Error: processing vignette 'graphviz-mermaid.Rmd' failed with diagnostics:
    invalid 'path' argument
    --- failed re-building ‘graphviz-mermaid.Rmd’
    
    --- re-building ‘node-edge-data-frames.Rmd’ using rmarkdown
    Warning in engine$weave(file, quiet = quiet, encoding = enc) :
     Pandoc (>= 1.12.3) not available. Falling back to R Markdown v1.
    --- finished re-building ‘node-edge-data-frames.Rmd’
    
    --- re-building ‘selections.Rmd’ using rmarkdown
    Warning in engine$weave(file, quiet = quiet, encoding = enc) :
     Pandoc (>= 1.12.3) not available. Falling back to R Markdown v1.
    Quitting from lines 317-356 (selections.Rmd)
    Error: processing vignette 'selections.Rmd' failed with diagnostics:
    invalid 'path' argument
    --- failed re-building ‘selections.Rmd’
    
    --- re-building ‘simple-graphs-ndfs-edfs.Rmd’ using rmarkdown
    Warning in engine$weave(file, quiet = quiet, encoding = enc) :
     Pandoc (>= 1.12.3) not available. Falling back to R Markdown v1.
    Quitting from lines 165-166 (simple-graphs-ndfs-edfs.Rmd)
    Error: processing vignette 'simple-graphs-ndfs-edfs.Rmd' failed with diagnostics:
    invalid 'path' argument
    --- failed re-building ‘simple-graphs-ndfs-edfs.Rmd’
    
    --- re-building ‘traversals.Rmd’ using rmarkdown
    Warning in engine$weave(file, quiet = quiet, encoding = enc) :
     Pandoc (>= 1.12.3) not available. Falling back to R Markdown v1.
    Quitting from lines 102-116 (traversals.Rmd)
    Error: processing vignette 'traversals.Rmd' failed with diagnostics:
    invalid 'path' argument
    --- failed re-building ‘traversals.Rmd’
    
    SUMMARY: processing the following files failed:
     ‘graphviz-mermaid.Rmd’ ‘selections.Rmd’ ‘simple-graphs-ndfs-edfs.Rmd’
     ‘traversals.Rmd’
    
    Error: Vignette re-building failed.
    Execution halted
Flavor: r-release-macos-x86_64

Version: 1.0.6.1
Check: re-building of vignette outputs
Result: WARN
    Error(s) in re-building vignettes:
    --- re-building ‘graphviz-mermaid.Rmd’ using rmarkdown
    Warning in engine$weave(file, quiet = quiet, encoding = enc) :
     Pandoc (>= 1.12.3) and/or pandoc-citeproc not available. Falling back to R Markdown v1.
    Quitting from lines 57-79 (graphviz-mermaid.Rmd)
    Error: processing vignette 'graphviz-mermaid.Rmd' failed with diagnostics:
    cannot open the connection
    --- failed re-building ‘graphviz-mermaid.Rmd’
    
    --- re-building ‘node-edge-data-frames.Rmd’ using rmarkdown
    Warning in engine$weave(file, quiet = quiet, encoding = enc) :
     Pandoc (>= 1.12.3) and/or pandoc-citeproc not available. Falling back to R Markdown v1.
    --- finished re-building ‘node-edge-data-frames.Rmd’
    
    --- re-building ‘selections.Rmd’ using rmarkdown
    Warning in engine$weave(file, quiet = quiet, encoding = enc) :
     Pandoc (>= 1.12.3) and/or pandoc-citeproc not available. Falling back to R Markdown v1.
    Quitting from lines 317-356 (selections.Rmd)
    Error: processing vignette 'selections.Rmd' failed with diagnostics:
    cannot open the connection
    --- failed re-building ‘selections.Rmd’
    
    --- re-building ‘simple-graphs-ndfs-edfs.Rmd’ using rmarkdown
    Warning in engine$weave(file, quiet = quiet, encoding = enc) :
     Pandoc (>= 1.12.3) and/or pandoc-citeproc not available. Falling back to R Markdown v1.
    Quitting from lines 165-166 (simple-graphs-ndfs-edfs.Rmd)
    Error: processing vignette 'simple-graphs-ndfs-edfs.Rmd' failed with diagnostics:
    cannot open the connection
    --- failed re-building ‘simple-graphs-ndfs-edfs.Rmd’
    
    --- re-building ‘traversals.Rmd’ using rmarkdown
    Warning in engine$weave(file, quiet = quiet, encoding = enc) :
     Pandoc (>= 1.12.3) and/or pandoc-citeproc not available. Falling back to R Markdown v1.
    Quitting from lines 102-116 (traversals.Rmd)
    Error: processing vignette 'traversals.Rmd' failed with diagnostics:
    cannot open the connection
    --- failed re-building ‘traversals.Rmd’
    
    SUMMARY: processing the following files failed:
     ‘graphviz-mermaid.Rmd’ ‘selections.Rmd’ ‘simple-graphs-ndfs-edfs.Rmd’
     ‘traversals.Rmd’
    
    Error: Vignette re-building failed.
    Execution halted
Flavor: r-oldrel-macos-x86_64