CRAN Package Check Results for Package DiSSMod

Last updated on 2021-04-20 19:53:13 CEST.

Flavor Version Tinstall Tcheck Ttotal Status Flags
r-devel-linux-x86_64-debian-clang 1.0.0 8.54 93.46 102.00 OK
r-devel-linux-x86_64-debian-gcc 1.0.0 5.45 64.78 70.23 OK
r-devel-linux-x86_64-fedora-clang 1.0.0 127.70 OK
r-devel-linux-x86_64-fedora-gcc 1.0.0 118.37 OK
r-devel-windows-ix86+x86_64 1.0.0 15.00 85.00 100.00 OK
r-devel-windows-x86_64-gcc10-UCRT 1.0.0 OK
r-patched-linux-x86_64 1.0.0 7.71 86.53 94.24 WARN
r-patched-solaris-x86 1.0.0 165.80 OK
r-release-linux-x86_64 1.0.0 7.58 85.85 93.43 OK
r-release-macos-x86_64 1.0.0 OK
r-release-windows-ix86+x86_64 1.0.0 13.00 115.00 128.00 OK
r-oldrel-macos-x86_64 1.0.0 OK
r-oldrel-windows-ix86+x86_64 1.0.0 10.00 112.00 122.00 OK

Check Details

Version: 1.0.0
Check: whether package can be installed
Result: WARN
    Found the following significant warnings:
     Rd warning: /tmp/RtmpOcR9i4/R.INSTALLeb73e18eae1/DiSSMod/man/plot.DiSSMod.Rd:57: file link ‘plot’ in package ‘graphics’ does not exist and so has been treated as a topic
Flavor: r-patched-linux-x86_64