CRAN Package Check Results for Package DiPs

Last updated on 2024-06-13 16:49:05 CEST.

Flavor Version Tinstall Tcheck Ttotal Status Flags
r-devel-linux-x86_64-debian-clang 0.6.4 4.27 38.79 43.06 NOTE
r-devel-linux-x86_64-debian-gcc 0.6.4 2.77 28.89 31.66 NOTE
r-devel-linux-x86_64-fedora-clang 0.6.4 53.90 NOTE
r-devel-linux-x86_64-fedora-gcc 0.6.4 53.72 NOTE
r-devel-windows-x86_64 0.6.4 4.00 60.00 64.00 NOTE
r-patched-linux-x86_64 0.6.4 4.31 37.71 42.02 NOTE
r-release-linux-x86_64 0.6.4 3.46 37.32 40.78 NOTE
r-release-macos-arm64 0.6.4 21.00 NOTE
r-release-macos-x86_64 0.6.4 32.00 NOTE
r-release-windows-x86_64 0.6.4 4.00 75.00 79.00 NOTE
r-oldrel-macos-arm64 0.6.4 22.00 NOTE
r-oldrel-macos-x86_64 0.6.4 31.00 NOTE
r-oldrel-windows-x86_64 0.6.4 5.00 58.00 63.00 NOTE

Check Details

Version: 0.6.4
Check: package dependencies
Result: NOTE Package suggested but not available for checking: ‘rrelaxiv’ Flavors: r-devel-linux-x86_64-debian-clang, r-devel-linux-x86_64-fedora-clang, r-devel-linux-x86_64-fedora-gcc, r-devel-windows-x86_64, r-patched-linux-x86_64, r-release-linux-x86_64, r-release-macos-arm64, r-release-macos-x86_64, r-release-windows-x86_64, r-oldrel-macos-arm64, r-oldrel-macos-x86_64, r-oldrel-windows-x86_64

Version: 0.6.4
Check: package dependencies
Result: NOTE Packages suggested but not available for checking: 'optmatch', 'rrelaxiv' Flavor: r-devel-linux-x86_64-debian-gcc