Last updated on 2023-03-20 11:53:44 CET.
Flavor | Version | Tinstall | Tcheck | Ttotal | Status | Flags |
---|---|---|---|---|---|---|
r-devel-linux-x86_64-debian-clang | 0.6.4 | NOTE | ||||
r-devel-linux-x86_64-debian-gcc | 0.6.4 | 2.83 | 29.30 | 32.13 | NOTE | |
r-devel-linux-x86_64-fedora-clang | 0.6.4 | 56.96 | NOTE | |||
r-devel-linux-x86_64-fedora-gcc | 0.6.4 | 51.88 | NOTE | |||
r-devel-windows-x86_64 | 0.6.4 | 9.00 | 73.00 | 82.00 | NOTE | |
r-patched-linux-x86_64 | 0.6.4 | 3.29 | 38.74 | 42.03 | NOTE | |
r-release-linux-x86_64 | 0.6.4 | 3.02 | 38.66 | 41.68 | NOTE | |
r-release-macos-arm64 | 0.6.4 | 21.00 | NOTE | |||
r-release-macos-x86_64 | 0.6.4 | 29.00 | NOTE | |||
r-release-windows-x86_64 | 0.6.4 | 9.00 | 77.00 | 86.00 | NOTE | |
r-oldrel-macos-arm64 | 0.6.4 | 23.00 | NOTE | |||
r-oldrel-macos-x86_64 | 0.6.4 | 30.00 | NOTE | |||
r-oldrel-windows-ix86+x86_64 | 0.6.4 | 9.00 | 67.00 | 76.00 | NOTE |
Version: 0.6.4
Check: package dependencies
Result: NOTE
Package suggested but not available for checking: ‘rrelaxiv’
Flavors: r-devel-linux-x86_64-debian-clang, r-devel-linux-x86_64-debian-gcc, r-devel-linux-x86_64-fedora-clang, r-devel-linux-x86_64-fedora-gcc, r-devel-windows-x86_64, r-patched-linux-x86_64, r-release-linux-x86_64, r-release-macos-arm64, r-release-macos-x86_64, r-release-windows-x86_64, r-oldrel-macos-arm64, r-oldrel-macos-x86_64, r-oldrel-windows-ix86+x86_64