CRAN Package Check Results for Package DiPhiSeq

Last updated on 2021-09-21 15:50:47 CEST.

Flavor Version Tinstall Tcheck Ttotal Status Flags
r-devel-linux-x86_64-debian-clang 0.2.0 2.68 28.34 31.02 OK
r-devel-linux-x86_64-debian-gcc 0.2.0 2.05 21.46 23.51 OK
r-devel-linux-x86_64-fedora-clang 0.2.0 47.75 OK
r-devel-linux-x86_64-fedora-gcc 0.2.0 35.90 OK
r-devel-windows-x86_64 0.2.0 4.00 34.00 38.00 OK
r-devel-windows-x86_64-gcc10-UCRT 0.2.0 ERROR
r-patched-linux-x86_64 0.2.0 2.37 27.83 30.20 OK
r-patched-solaris-x86 0.2.0 54.80 OK
r-release-linux-x86_64 0.2.0 2.46 27.68 30.14 OK
r-release-macos-arm64 0.2.0 OK
r-release-macos-x86_64 0.2.0 OK
r-release-windows-ix86+x86_64 0.2.0 6.00 43.00 49.00 OK
r-oldrel-macos-x86_64 0.2.0 OK
r-oldrel-windows-ix86+x86_64 0.2.0 5.00 42.00 47.00 OK

Check Details

Version: 0.2.0
Check: whether package can be installed
Result: WARN
    Found the following significant warnings:
     WARNING: installation-time patches will not be applied, could not get the patches index
Flavor: r-devel-windows-x86_64-gcc10-UCRT

Version: 0.2.0
Check: PDF version of manual
Result: WARN
    LaTeX errors when creating PDF version.
    This typically indicates Rd problems.
Flavor: r-devel-windows-x86_64-gcc10-UCRT

Version: 0.2.0
Check: PDF version of manual without hyperrefs or index
Result: ERROR
    Re-running with no redirection of stdout/stderr.
Flavor: r-devel-windows-x86_64-gcc10-UCRT