CRAN Package Check Results for Package DescToolsAddIns

Last updated on 2021-09-21 07:50:02 CEST.

Flavor Version Tinstall Tcheck Ttotal Status Flags
r-devel-linux-x86_64-debian-clang 1.9 12.13 84.43 96.56 NOTE
r-devel-linux-x86_64-debian-gcc 1.9 9.17 63.08 72.25 NOTE
r-devel-linux-x86_64-fedora-clang 1.9 128.82 NOTE
r-devel-linux-x86_64-fedora-gcc 1.9 112.61 NOTE
r-devel-windows-x86_64 1.9 10.00 77.00 87.00 NOTE
r-devel-windows-x86_64-gcc10-UCRT 1.9 ERROR
r-patched-linux-x86_64 1.9 12.43 81.20 93.63 NOTE
r-patched-solaris-x86 1.9 160.90 NOTE
r-release-linux-x86_64 1.9 11.36 80.72 92.08 NOTE
r-release-macos-arm64 1.9 NOTE
r-release-macos-x86_64 1.9 NOTE
r-release-windows-ix86+x86_64 1.9 23.00 98.00 121.00 NOTE
r-oldrel-macos-x86_64 1.9 OK
r-oldrel-windows-ix86+x86_64 1.9 22.00 98.00 120.00 OK

Check Details

Version: 1.9
Check: LazyData
Result: NOTE
     'LazyData' is specified without a 'data' directory
Flavors: r-devel-linux-x86_64-debian-clang, r-devel-linux-x86_64-debian-gcc, r-devel-linux-x86_64-fedora-clang, r-devel-linux-x86_64-fedora-gcc, r-devel-windows-x86_64, r-devel-windows-x86_64-gcc10-UCRT, r-patched-linux-x86_64, r-patched-solaris-x86, r-release-linux-x86_64, r-release-macos-arm64, r-release-macos-x86_64, r-release-windows-ix86+x86_64

Version: 1.9
Check: whether package can be installed
Result: WARN
    Found the following significant warnings:
     WARNING: installation-time patches will not be applied, could not get the patches index
Flavor: r-devel-windows-x86_64-gcc10-UCRT

Version: 1.9
Check: PDF version of manual
Result: WARN
    LaTeX errors when creating PDF version.
    This typically indicates Rd problems.
Flavor: r-devel-windows-x86_64-gcc10-UCRT

Version: 1.9
Check: PDF version of manual without hyperrefs or index
Result: ERROR
    Re-running with no redirection of stdout/stderr.
Flavor: r-devel-windows-x86_64-gcc10-UCRT