CRAN Package Check Results for Package Deriv

Last updated on 2024-06-17 16:58:38 CEST.

Flavor Version Tinstall Tcheck Ttotal Status Flags
r-devel-linux-x86_64-debian-clang 4.1.3 4.09 45.99 50.08 NOTE
r-devel-linux-x86_64-debian-gcc 4.1.3 4.47 33.52 37.99 NOTE
r-devel-linux-x86_64-fedora-clang 4.1.3 63.72 NOTE
r-devel-linux-x86_64-fedora-gcc 4.1.3 60.23 NOTE
r-devel-windows-x86_64 4.1.3 6.00 53.00 59.00 NOTE
r-patched-linux-x86_64 4.1.3 4.07 43.63 47.70 NOTE
r-release-linux-x86_64 4.1.3 4.35 44.36 48.71 NOTE
r-release-macos-arm64 4.1.3 21.00 NOTE
r-release-macos-x86_64 4.1.3 34.00 NOTE
r-release-windows-x86_64 4.1.3 6.00 84.00 90.00 WARN
r-oldrel-macos-arm64 4.1.3 22.00 OK
r-oldrel-macos-x86_64 4.1.3 33.00 OK
r-oldrel-windows-x86_64 4.1.3 6.00 61.00 67.00 OK

Check Details

Version: 4.1.3
Check: Rd files
Result: NOTE checkRd: (-1) Deriv.Rd:33: Lost braces 33 | guessed either from\ code{names(formals(f))} (if \code{f} is a function) | ^ Flavors: r-devel-linux-x86_64-debian-clang, r-devel-linux-x86_64-debian-gcc, r-devel-linux-x86_64-fedora-clang, r-devel-linux-x86_64-fedora-gcc, r-devel-windows-x86_64, r-patched-linux-x86_64, r-release-linux-x86_64, r-release-macos-arm64, r-release-macos-x86_64, r-release-windows-x86_64

Version: 4.1.3
Check: PDF version of manual
Result: WARN LaTeX errors when creating PDF version. This typically indicates Rd problems. Flavor: r-release-windows-x86_64