CRAN Package Check Results for Package DataPackageR

Last updated on 2021-06-21 11:52:01 CEST.

Flavor Version Tinstall Tcheck Ttotal Status Flags
r-devel-linux-x86_64-debian-clang 0.15.8 8.86 181.88 190.74 OK
r-devel-linux-x86_64-debian-gcc 0.15.8 6.47 138.46 144.93 OK
r-devel-linux-x86_64-fedora-clang 0.15.8 234.48 OK
r-devel-linux-x86_64-fedora-gcc 0.15.8 224.44 OK
r-devel-windows-x86_64 0.15.8 15.00 252.00 267.00 OK
r-devel-windows-x86_64-gcc10-UCRT 0.15.8 ERROR
r-patched-linux-x86_64 0.15.8 9.53 177.43 186.96 OK
r-patched-solaris-x86 0.15.8 136.20 OK
r-release-linux-x86_64 0.15.8 5.80 176.24 182.04 OK
r-release-macos-arm64 0.15.8 OK
r-release-macos-x86_64 0.15.8 OK
r-release-windows-ix86+x86_64 0.15.8 20.00 270.00 290.00 OK
r-oldrel-macos-x86_64 0.15.8 OK

Check Details

Version: 0.15.8
Check: package dependencies
Result: ERROR
    Packages required but not available: 'devtools', 'usethis'
    
    Package suggested but not available for checking: 'covr'
    
    See section 'The DESCRIPTION file' in the 'Writing R Extensions'
    manual.
Flavor: r-devel-windows-x86_64-gcc10-UCRT