CRAN Package Check Results for Package DTComPair

Last updated on 2024-04-18 08:54:27 CEST.

Flavor Version Tinstall Tcheck Ttotal Status Flags
r-devel-linux-x86_64-debian-clang 1.2.4 4.77 36.78 41.55 OK
r-devel-linux-x86_64-debian-gcc 1.2.4 3.43 27.32 30.75 OK
r-devel-linux-x86_64-fedora-clang 1.2.4 50.11 OK
r-devel-linux-x86_64-fedora-gcc 1.2.4 50.99 OK
r-prerel-macos-arm64 1.2.4 19.00 OK
r-prerel-macos-x86_64 1.2.4 44.00 OK
r-prerel-windows-x86_64 1.2.4 4.00 53.00 57.00 OK
r-patched-linux-x86_64 1.2.2 5.28 34.44 39.72 NOTE
r-release-linux-x86_64 1.2.4 3.74 35.07 38.81 OK
r-release-macos-arm64 1.2.4 25.00 OK
r-release-macos-x86_64 1.2.4 43.00 OK
r-release-windows-x86_64 1.2.4 6.00 56.00 62.00 OK
r-oldrel-macos-arm64 1.2.4 24.00 OK
r-oldrel-windows-x86_64 1.2.4 6.00 57.00 63.00 OK

Check Details

Version: 1.2.2
Check: Rd files
Result: NOTE checkRd: (-1) pv.prev.Rd:24: Lost braces; missing escapes or markup? 24 | - PPV = 1 / {1 + (1 / pi - 1) / pDLR} | ^ checkRd: (-1) pv.prev.Rd:25: Lost braces; missing escapes or markup? 25 | - NPV = 1 / {1 + (1 / (1 / pi - 1)) / nDLR}. | ^ Flavor: r-patched-linux-x86_64