Last updated on 2021-03-01 07:48:27 CET.
Flavor | Version | Tinstall | Tcheck | Ttotal | Status | Flags |
---|---|---|---|---|---|---|
r-devel-linux-x86_64-debian-clang | 0.3-4 | OK | ||||
r-devel-linux-x86_64-debian-gcc | 0.3-4 | 11.18 | 95.53 | 106.71 | OK | |
r-devel-linux-x86_64-fedora-clang | 0.3-4 | 178.36 | OK | |||
r-devel-linux-x86_64-fedora-gcc | 0.3-4 | 165.42 | OK | |||
r-devel-windows-ix86+x86_64 | 0.3-4 | 23.00 | 114.00 | 137.00 | OK | |
r-patched-linux-x86_64 | 0.3-4 | 9.68 | 118.79 | 128.47 | OK | |
r-patched-solaris-x86 | 0.3-4 | 244.50 | WARN | |||
r-release-linux-x86_64 | 0.3-4 | 9.23 | 118.23 | 127.46 | OK | |
r-release-macos-x86_64 | 0.3-4 | WARN | ||||
r-release-windows-ix86+x86_64 | 0.3-4 | 35.00 | 172.00 | 207.00 | OK | |
r-oldrel-macos-x86_64 | 0.3-4 | WARN | ||||
r-oldrel-windows-ix86+x86_64 | 0.3-4 | 19.00 | 129.00 | 148.00 | OK |
Version: 0.3-4
Check: re-building of vignette outputs
Result: WARN
Error(s) in re-building vignettes:
...
--- re-building ‘Designing-33PC.Rmd’ using rmarkdown
Warning in engine$weave(file, quiet = quiet, encoding = enc) :
Pandoc (>= 1.12.3) and/or pandoc-citeproc not available. Falling back to R Markdown v1.
Quitting from lines 164-165 (Designing-33PC.Rmd)
Error: processing vignette 'Designing-33PC.Rmd' failed with diagnostics:
there is no package called 'webshot'
--- failed re-building ‘Designing-33PC.Rmd’
SUMMARY: processing the following file failed:
‘Designing-33PC.Rmd’
Error: Vignette re-building failed.
Execution halted
Flavor: r-patched-solaris-x86
Version: 0.3-4
Check: re-building of vignette outputs
Result: WARN
Error(s) in re-building vignettes:
...
--- re-building ‘Designing-33PC.Rmd’ using rmarkdown
Warning in engine$weave(file, quiet = quiet, encoding = enc) :
Pandoc (>= 1.12.3) and/or pandoc-citeproc not available. Falling back to R Markdown v1.
Quitting from lines 164-165 (Designing-33PC.Rmd)
Error: processing vignette 'Designing-33PC.Rmd' failed with diagnostics:
cannot open the connection
--- failed re-building ‘Designing-33PC.Rmd’
SUMMARY: processing the following file failed:
‘Designing-33PC.Rmd’
Error: Vignette re-building failed.
Execution halted
Flavors: r-release-macos-x86_64, r-oldrel-macos-x86_64