CRAN Package Check Results for Package DSsim

Last updated on 2021-09-20 15:52:40 CEST.

Flavor Version Tinstall Tcheck Ttotal Status Flags
r-devel-linux-x86_64-debian-clang 1.1.5 20.80 190.73 211.53 OK
r-devel-linux-x86_64-debian-gcc 1.1.5 14.74 140.12 154.86 OK
r-devel-linux-x86_64-fedora-clang 1.1.5 265.39 OK
r-devel-linux-x86_64-fedora-gcc 1.1.5 243.12 OK
r-devel-windows-x86_64 1.1.5 20.00 169.00 189.00 OK
r-devel-windows-x86_64-gcc10-UCRT 1.1.5 ERROR
r-patched-linux-x86_64 1.1.5 18.56 179.36 197.92 OK
r-patched-solaris-x86 1.1.5 285.50 OK
r-release-linux-x86_64 1.1.5 14.08 177.87 191.95 OK
r-release-macos-arm64 1.1.5 OK
r-release-macos-x86_64 1.1.5 OK
r-release-windows-ix86+x86_64 1.1.5 41.00 214.00 255.00 OK
r-oldrel-macos-x86_64 1.1.5 OK
r-oldrel-windows-ix86+x86_64 1.1.5 41.00 220.00 261.00 OK

Check Details

Version: 1.1.5
Check: whether package can be installed
Result: WARN
    Found the following significant warnings:
     WARNING: installation-time patches will not be applied, could not get the patches index
Flavor: r-devel-windows-x86_64-gcc10-UCRT

Version: 1.1.5
Check: PDF version of manual
Result: WARN
    LaTeX errors when creating PDF version.
    This typically indicates Rd problems.
Flavor: r-devel-windows-x86_64-gcc10-UCRT

Version: 1.1.5
Check: PDF version of manual without hyperrefs or index
Result: ERROR
    Re-running with no redirection of stdout/stderr.
Flavor: r-devel-windows-x86_64-gcc10-UCRT