CRAN Package Check Results for Package DQAstats

Last updated on 2024-04-17 08:57:28 CEST.

Flavor Version Tinstall Tcheck Ttotal Status Flags
r-devel-linux-x86_64-debian-clang 0.3.4 6.45 101.06 107.51 OK
r-devel-linux-x86_64-debian-gcc 0.3.4 6.04 78.56 84.60 OK
r-devel-linux-x86_64-fedora-clang 0.3.4 142.44 OK
r-devel-linux-x86_64-fedora-gcc 0.3.4 140.14 OK
r-prerel-macos-arm64 0.3.4 57.00 OK
r-prerel-macos-x86_64 0.3.4 168.00 OK
r-prerel-windows-x86_64 0.3.4 7.00 134.00 141.00 ERROR
r-patched-linux-x86_64 0.3.4 8.24 99.88 108.12 OK
r-release-linux-x86_64 0.3.4 4.61 98.56 103.17 OK
r-release-macos-arm64 0.3.4 63.00 OK
r-release-macos-x86_64 0.3.4 138.00 OK
r-release-windows-x86_64 0.3.4 10.00 114.00 124.00 OK
r-oldrel-macos-arm64 0.3.4 63.00 OK
r-oldrel-windows-x86_64 0.3.4 9.00 114.00 123.00 OK

Check Details

Version: 0.3.4
Check: re-building of vignette outputs
Result: ERROR Error(s) in re-building vignettes: --- re-building 'DQAstats2SHIPdataset.Rmd' using rmarkdown trying URL 'https://raw.githubusercontent.com/cran/dataquieR/master/inst/extdata/ship.RDS' Quitting from lines at lines 40-67 [unnamed-chunk-2] (DQAstats2SHIPdataset.Rmd) Error: processing vignette 'DQAstats2SHIPdataset.Rmd' failed with diagnostics: cannot open URL 'https://raw.githubusercontent.com/cran/dataquieR/master/inst/extdata/ship.RDS' --- failed re-building 'DQAstats2SHIPdataset.Rmd' SUMMARY: processing the following file failed: 'DQAstats2SHIPdataset.Rmd' Error: Vignette re-building failed. Execution halted Flavor: r-prerel-windows-x86_64