Last updated on 2022-05-24 23:53:06 CEST.
Flavor | Version | Tinstall | Tcheck | Ttotal | Status | Flags |
---|---|---|---|---|---|---|
r-devel-linux-x86_64-debian-clang | 1.8 | 94.58 | 286.44 | 381.02 | OK | |
r-devel-linux-x86_64-debian-gcc | 1.8 | 78.72 | 208.18 | 286.90 | OK | |
r-devel-linux-x86_64-fedora-clang | 1.8 | 494.04 | OK | |||
r-devel-linux-x86_64-fedora-gcc | 1.8 | 478.69 | OK | |||
r-devel-windows-x86_64 | 1.8 | 83.00 | 291.00 | 374.00 | OK | |
r-patched-linux-x86_64 | 1.8 | 85.13 | 282.33 | 367.46 | OK | |
r-release-linux-x86_64 | 1.8 | OK | ||||
r-release-macos-arm64 | 1.8 | 123.00 | NOTE | |||
r-release-macos-x86_64 | 1.8 | 142.00 | OK | |||
r-release-windows-x86_64 | 1.8 | 81.00 | 289.00 | 370.00 | OK | |
r-oldrel-macos-arm64 | 1.8 | 125.00 | NOTE | |||
r-oldrel-macos-x86_64 | 1.8 | 136.00 | OK | |||
r-oldrel-windows-ix86+x86_64 | 1.8 | 225.00 | 381.00 | 606.00 | OK |
Version: 1.8
Check: installed package size
Result: NOTE
installed size is 5.2Mb
sub-directories of 1Mb or more:
libs 4.6Mb
Flavors: r-release-macos-arm64, r-oldrel-macos-arm64