CRAN Package Check Results for Package DIFshiny

Last updated on 2021-05-07 11:49:26 CEST.

Flavor Version Tinstall Tcheck Ttotal Status Flags
r-devel-linux-x86_64-debian-clang 0.1.0 10.66 89.67 100.33 NOTE
r-devel-linux-x86_64-debian-gcc 0.1.0 9.84 67.81 77.65 NOTE
r-devel-linux-x86_64-fedora-clang 0.1.0 133.17 NOTE
r-devel-linux-x86_64-fedora-gcc 0.1.0 116.71 NOTE
r-devel-windows-ix86+x86_64 0.1.0 32.00 111.00 143.00 NOTE
r-devel-windows-x86_64-gcc10-UCRT 0.1.0 NOTE
r-patched-linux-x86_64 0.1.0 10.94 84.08 95.02 NOTE
r-patched-solaris-x86 0.1.0 177.30 OK
r-release-linux-x86_64 0.1.0 10.91 79.73 90.64 OK
r-release-macos-x86_64 0.1.0 OK
r-release-windows-ix86+x86_64 0.1.0 19.00 79.00 98.00 OK
r-oldrel-macos-x86_64 0.1.0 OK
r-oldrel-windows-ix86+x86_64 0.1.0 22.00 104.00 126.00 OK

Check Details

Version: 0.1.0
Check: LazyData
Result: NOTE
     'LazyData' is specified without a 'data' directory
Flavors: r-devel-linux-x86_64-debian-clang, r-devel-linux-x86_64-debian-gcc, r-devel-linux-x86_64-fedora-clang, r-devel-linux-x86_64-fedora-gcc, r-devel-windows-ix86+x86_64, r-devel-windows-x86_64-gcc10-UCRT, r-patched-linux-x86_64