CRAN Package Check Results for Package DGEobj

Last updated on 2021-06-18 15:50:22 CEST.

Flavor Version Tinstall Tcheck Ttotal Status Flags
r-devel-linux-x86_64-debian-clang 1.0.3 13.63 136.77 150.40 OK
r-devel-linux-x86_64-debian-gcc 1.0.3 12.64 103.92 116.56 OK
r-devel-linux-x86_64-fedora-clang 1.0.3 190.13 OK
r-devel-linux-x86_64-fedora-gcc 1.0.3 175.07 OK
r-devel-windows-x86_64 1.0.3 21.00 161.00 182.00 OK
r-devel-windows-x86_64-gcc10-UCRT 1.0.3 OK
r-patched-linux-x86_64 1.0.3 14.92 129.23 144.15 OK
r-patched-solaris-x86 1.0.3 254.50 OK
r-release-linux-x86_64 1.0.3 13.61 132.04 145.65 OK
r-release-macos-arm64 1.0.3 ERROR
r-release-macos-x86_64 1.0.3 OK
r-release-windows-ix86+x86_64 1.0.3 32.00 163.00 195.00 OK
r-oldrel-macos-x86_64 1.0.3 OK
r-oldrel-windows-ix86+x86_64 1.0.3 26.00 140.00 166.00 OK

Check Details

Version: 1.0.3
Check: package dependencies
Result: ERROR
    Package required but not available: ‘GenomicRanges’
    
    Packages suggested but not available for checking: 'biomaRt', 'edgeR'
    
    See section ‘The DESCRIPTION file’ in the ‘Writing R Extensions’
    manual.
Flavor: r-release-macos-arm64